192.168.222.13 - - [25/Mar/2019:09:45:05 +0300] "GET /icingaweb2/application-state HTTP/1.1" 200 390 "http://192.168.222.190/icingaweb2/monitoring/config" "Mozilla/5.0 (Windows NT 10.0; Win64; x64) AppleWebKit/537.36 (KHTML, like Gecko) Chrome/72.0.3626.121 Safari/537.36"
192.168.222.13 - - [25/Mar/2019:09:45:06 +0300] "GET /icingaweb2/layout/menu?url=%2Ficingaweb2%2Fconfig%2Fmodules HTTP/1.1" 200 1722 "http://192.168.222.190/icingaweb2/monitoring/config" "Mozilla/5.0 (Windows NT 10.0; Win64; x64) AppleWebKit/537.36 (KHTML, like Gecko) Chrome/72.0.3626.121 Safari/537.36"
192.168.222.111 - - [25/Mar/2019:09:45:07 +0300] "GET /icingaweb2/application-state HTTP/1.1" 200 391 "http://192.168.222.190/icingaweb2/dashboard" "Mozilla/5.0 (X11; Ubuntu; Linux x86_64; rv:51.0) Gecko/20100101 Firefox/51.0"
192.168.222.13 - - [25/Mar/2019:09:45:10 +0300] "GET /icingaweb2/monitoring/config/edittransport?transport=icinga2 HTTP/1.1" 200 2012 "http://192.168.222.190/icingaweb2/monitoring/config" "Mozilla/5.0 (Windows NT 10.0; Win64; x64) AppleWebKit/537.36 (KHTML, like Gecko) Chrome/72.0.3626.121 Safari/537.36"
192.168.222.13 - - [25/Mar/2019:09:45:11 +0300] "GET /icingaweb2/application-state/summary HTTP/1.1" 200 425 "http://192.168.222.190/icingaweb2/monitoring/config" "Mozilla/5.0 (Windows NT 10.0; Win64; x64) AppleWebKit/537.36 (KHTML, like Gecko) Chrome/72.0.3626.121 Safari/537.36"
192.168.222.13 - - [25/Mar/2019:09:45:15 +0300] "GET /icingaweb2/application-state HTTP/1.1" 200 390 "http://192.168.222.190/icingaweb2/monitoring/list/hosts" "Mozilla/5.0 (Windows NT 10.0; Win64; x64) AppleWebKit/537.36 (KHTML, like Gecko) Chrome/72.0.3626.121 Safari/537.36"
192.168.222.13 - - [25/Mar/2019:09:45:17 +0300] "GET /icingaweb2/config/modules HTTP/1.1" 200 1116 "http://192.168.222.190/icingaweb2/monitoring/config" "Mozilla/5.0 (Windows NT 10.0; Win64; x64) AppleWebKit/537.36 (KHTML, like Gecko) Chrome/72.0.3626.121 Safari/537.36"
192.168.222.13 - - [25/Mar/2019:09:45:19 +0300] "GET /icingaweb2/config/module?name=setup HTTP/1.1" 200 1298 "http://192.168.222.190/icingaweb2/config/modules" "Mozilla/5.0 (Windows NT 10.0; Win64; x64) AppleWebKit/537.36 (KHTML, like Gecko) Chrome/72.0.3626.121 Safari/537.36"
192.168.222.13 - - [25/Mar/2019:09:45:21 +0300] "GET /icingaweb2/layout/menu?url=%2Ficingaweb2%2Fconfig%2Fmodules HTTP/1.1" 200 1722 "http://192.168.222.190/icingaweb2/config/modules" "Mozilla/5.0 (Windows NT 10.0; Win64; x64) AppleWebKit/537.36 (KHTML, like Gecko) Chrome/72.0.3626.121 Safari/537.36"
192.168.222.13 - - [25/Mar/2019:09:45:22 +0300] "GET /icingaweb2/config/module?name=test HTTP/1.1" 200 1251 "http://192.168.222.190/icingaweb2/config/modules" "Mozilla/5.0 (Windows NT 10.0; Win64; x64) AppleWebKit/537.36 (KHTML, like Gecko) Chrome/72.0.3626.121 Safari/537.36"
192.168.222.13 - - [25/Mar/2019:09:45:26 +0300] "GET /icingaweb2/config/module?name=translation HTTP/1.1" 200 1318 "http://192.168.222.190/icingaweb2/config/modules" "Mozilla/5.0 (Windows NT 10.0; Win64; x64) AppleWebKit/537.36 (KHTML, like Gecko) Chrome/72.0.3626.121 Safari/537.36"
192.168.222.13 - - [25/Mar/2019:09:45:32 +0300] "GET /icingaweb2/grafana/graph HTTP/1.1" 200 785 "http://192.168.222.190/icingaweb2/config/modules" "Mozilla/5.0 (Windows NT 10.0; Win64; x64) AppleWebKit/537.36 (KHTML, like Gecko) Chrome/72.0.3626.121 Safari/537.36"
192.168.222.13 - - [25/Mar/2019:09:45:37 +0300] "GET /icingaweb2/layout/menu?url=%2Ficingaweb2%2Fgrafana%2Fgraph HTTP/1.1" 200 1723 "http://192.168.222.190/icingaweb2/grafana/graph" "Mozilla/5.0 (Windows NT 10.0; Win64; x64) AppleWebKit/537.36 (KHTML, like Gecko) Chrome/72.0.3626.121 Safari/537.36"
192.168.222.13 - - [25/Mar/2019:09:45:53 +0300] "GET /icingaweb2/layout/menu?url=%2Ficingaweb2%2Fgrafana%2Fgraph HTTP/1.1" 200 1723 "http://192.168.222.190/icingaweb2/grafana/graph" "Mozilla/5.0 (Windows NT 10.0; Win64; x64) AppleWebKit/537.36 (KHTML, like Gecko) Chrome/72.0.3626.121 Safari/537.36"
192.168.222.13 - admin [25/Mar/2019:09:45:59 +0300] "GET /icingaweb2/monitoring/list/hosts?host_state%3E0&host_state%3C=2&host_state_type=1&addColumns=host_last_check&format=json HTTP/1.1" 200 891 "http://192.168.222.190/icingaweb2/icingaweb2/monitoring" "Nagstamon/3.2.1/Windows"
192.168.222.13 - admin [25/Mar/2019:09:45:59 +0300] "GET /icingaweb2/monitoring/list/hosts?host_state%3E0&host_state%3C=2&host_state_type=0&addColumns=host_last_check&format=json HTTP/1.1" 200 381 "http://192.168.222.190/icingaweb2/icingaweb2/monitoring" "Nagstamon/3.2.1/Windows"
192.168.222.13 - admin [25/Mar/2019:09:45:59 +0300] "GET /icingaweb2/monitoring/list/services?service_state%3E0&service_state%3C=3&service_state_type=1&addColumns=service_last_check&format=json HTTP/1.1" 200 384 "http://192.168.222.190/icingaweb2/icingaweb2/monitoring" "Nagstamon/3.2.1/Windows"
192.168.222.13 - admin [25/Mar/2019:09:45:59 +0300] "GET /icingaweb2/monitoring/list/services?service_state%3E0&service_state%3C=3&service_state_type=0&addColumns=service_last_check&format=json HTTP/1.1" 200 384 "http://192.168.222.190/icingaweb2/icingaweb2/monitoring" "Nagstamon/3.2.1/Windows"
127.0.0.1 - - [25/Mar/2019:09:46:03 +0300] "GET / HTTP/1.0" 200 10975 "-" "check_http/v2.2 (monitoring-plugins 2.2)"
192.168.222.13 - - [25/Mar/2019:09:46:05 +0300] "GET /icingaweb2/application-state HTTP/1.1" 200 391 "http://192.168.222.190/icingaweb2/grafana/graph" "Mozilla/5.0 (Windows NT 10.0; Win64; x64) AppleWebKit/537.36 (KHTML, like Gecko) Chrome/72.0.3626.121 Safari/537.36"
192.168.222.111 - - [25/Mar/2019:09:46:07 +0300] "GET /icingaweb2/application-state HTTP/1.1" 200 391 "http://192.168.222.190/icingaweb2/dashboard" "Mozilla/5.0 (X11; Ubuntu; Linux x86_64; rv:51.0) Gecko/20100101 Firefox/51.0"
192.168.222.13 - - [25/Mar/2019:09:46:08 +0300] "GET /icingaweb2/layout/menu?url=%2Ficingaweb2%2Fgrafana%2Fgraph HTTP/1.1" 200 1722 "http://192.168.222.190/icingaweb2/grafana/graph" "Mozilla/5.0 (Windows NT 10.0; Win64; x64) AppleWebKit/537.36 (KHTML, like Gecko) Chrome/72.0.3626.121 Safari/537.36"
192.168.222.13 - - [25/Mar/2019:09:46:11 +0300] "GET /icingaweb2/application-state/summary HTTP/1.1" 200 425 "http://192.168.222.190/icingaweb2/grafana/graph" "Mozilla/5.0 (Windows NT 10.0; Win64; x64) AppleWebKit/537.36 (KHTML, like Gecko) Chrome/72.0.3626.121 Safari/537.36"
192.168.222.13 - - [25/Mar/2019:09:46:16 +0300] "GET /icingaweb2/application-state HTTP/1.1" 200 390 "http://192.168.222.190/icingaweb2/monitoring/list/hosts" "Mozilla/5.0 (Windows NT 10.0; Win64; x64) AppleWebKit/537.36 (KHTML, like Gecko) Chrome/72.0.3626.121 Safari/537.36"
192.168.222.13 - - [25/Mar/2019:09:46:24 +0300] "GET /icingaweb2/layout/menu?url=%2Ficingaweb2%2Fgrafana%2Fgraph HTTP/1.1" 200 1723 "http://192.168.222.190/icingaweb2/grafana/graph" "Mozilla/5.0 (Windows NT 10.0; Win64; x64) AppleWebKit/537.36 (KHTML, like Gecko) Chrome/72.0.3626.121 Safari/537.36"
192.168.222.13 - - [25/Mar/2019:09:46:39 +0300] "GET /icingaweb2/layout/menu?url=%2Ficingaweb2%2Fgrafana%2Fgraph HTTP/1.1" 200 1723 "http://192.168.222.190/icingaweb2/grafana/graph" "Mozilla/5.0 (Windows NT 10.0; Win64; x64) AppleWebKit/537.36 (KHTML, like Gecko) Chrome/72.0.3626.121 Safari/537.36"
192.168.222.13 - - [25/Mar/2019:09:46:55 +0300] "GET /icingaweb2/layout/menu?url=%2Ficingaweb2%2Fgrafana%2Fgraph HTTP/1.1" 200 1723 "http://192.168.222.190/icingaweb2/grafana/graph" "Mozilla/5.0 (Windows NT 10.0; Win64; x64) AppleWebKit/537.36 (KHTML, like Gecko) Chrome/72.0.3626.121 Safari/537.36"
192.168.222.13 - admin [25/Mar/2019:09:46:59 +0300] "GET /icingaweb2/monitoring/list/hosts?host_state%3E0&host_state%3C=2&host_state_type=1&addColumns=host_last_check&format=json HTTP/1.1" 200 891 "http://192.168.222.190/icingaweb2/icingaweb2/monitoring" "Nagstamon/3.2.1/Windows"
192.168.222.13 - admin [25/Mar/2019:09:46:59 +0300] "GET /icingaweb2/monitoring/list/hosts?host_state%3E0&host_state%3C=2&host_state_type=0&addColumns=host_last_check&format=json HTTP/1.1" 200 381 "http://192.168.222.190/icingaweb2/icingaweb2/monitoring" "Nagstamon/3.2.1/Windows"
192.168.222.13 - admin [25/Mar/2019:09:46:59 +0300] "GET /icingaweb2/monitoring/list/services?service_state%3E0&service_state%3C=3&service_state_type=1&addColumns=service_last_check&format=json HTTP/1.1" 200 384 "http://192.168.222.190/icingaweb2/icingaweb2/monitoring" "Nagstamon/3.2.1/Windows"
192.168.222.13 - admin [25/Mar/2019:09:47:00 +0300] "GET /icingaweb2/monitoring/list/services?service_state%3E0&service_state%3C=3&service_state_type=0&addColumns=service_last_check&format=json HTTP/1.1" 200 384 "http://192.168.222.190/icingaweb2/icingaweb2/monitoring" "Nagstamon/3.2.1/Windows"
127.0.0.1 - - [25/Mar/2019:09:47:03 +0300] "GET / HTTP/1.0" 200 10975 "-" "check_http/v2.2 (monitoring-plugins 2.2)"
192.168.222.13 - - [25/Mar/2019:09:47:05 +0300] "GET /icingaweb2/application-state HTTP/1.1" 200 391 "http://192.168.222.190/icingaweb2/grafana/graph" "Mozilla/5.0 (Windows NT 10.0; Win64; x64) AppleWebKit/537.36 (KHTML, like Gecko) Chrome/72.0.3626.121 Safari/537.36"
192.168.222.111 - - [25/Mar/2019:09:47:07 +0300] "GET /icingaweb2/application-state HTTP/1.1" 200 391 "http://192.168.222.190/icingaweb2/dashboard" "Mozilla/5.0 (X11; Ubuntu; Linux x86_64; rv:51.0) Gecko/20100101 Firefox/51.0"
192.168.222.13 - - [25/Mar/2019:09:47:10 +0300] "GET /icingaweb2/layout/menu?url=%2Ficingaweb2%2Fgrafana%2Fgraph HTTP/1.1" 200 1723 "http://192.168.222.190/icingaweb2/grafana/graph" "Mozilla/5.0 (Windows NT 10.0; Win64; x64) AppleWebKit/537.36 (KHTML, like Gecko) Chrome/72.0.3626.121 Safari/537.36"
192.168.222.13 - - [25/Mar/2019:09:47:12 +0300] "GET /icingaweb2/application-state/summary HTTP/1.1" 200 425 "http://192.168.222.190/icingaweb2/grafana/graph" "Mozilla/5.0 (Windows NT 10.0; Win64; x64) AppleWebKit/537.36 (KHTML, like Gecko) Chrome/72.0.3626.121 Safari/537.36"
192.168.222.13 - - [25/Mar/2019:09:47:17 +0300] "GET /icingaweb2/application-state HTTP/1.1" 200 391 "http://192.168.222.190/icingaweb2/monitoring/list/hosts" "Mozilla/5.0 (Windows NT 10.0; Win64; x64) AppleWebKit/537.36 (KHTML, like Gecko) Chrome/72.0.3626.121 Safari/537.36"
192.168.222.13 - - [25/Mar/2019:09:47:26 +0300] "GET /icingaweb2/layout/menu?url=%2Ficingaweb2%2Fgrafana%2Fgraph HTTP/1.1" 200 1723 "http://192.168.222.190/icingaweb2/grafana/graph" "Mozilla/5.0 (Windows NT 10.0; Win64; x64) AppleWebKit/537.36 (KHTML, like Gecko) Chrome/72.0.3626.121 Safari/537.36"
192.168.222.13 - - [25/Mar/2019:09:47:41 +0300] "GET /icingaweb2/layout/menu?url=%2Ficingaweb2%2Fgrafana%2Fgraph HTTP/1.1" 200 1723 "http://192.168.222.190/icingaweb2/grafana/graph" "Mozilla/5.0 (Windows NT 10.0; Win64; x64) AppleWebKit/537.36 (KHTML, like Gecko) Chrome/72.0.3626.121 Safari/537.36"
192.168.222.13 - - [25/Mar/2019:09:47:56 +0300] "GET /icingaweb2/layout/menu?url=%2Ficingaweb2%2Fgrafana%2Fgraph HTTP/1.1" 200 1723 "http://192.168.222.190/icingaweb2/grafana/graph" "Mozilla/5.0 (Windows NT 10.0; Win64; x64) AppleWebKit/537.36 (KHTML, like Gecko) Chrome/72.0.3626.121 Safari/537.36"
192.168.222.13 - admin [25/Mar/2019:09:48:00 +0300] "GET /icingaweb2/monitoring/list/hosts?host_state%3E0&host_state%3C=2&host_state_type=1&addColumns=host_last_check&format=json HTTP/1.1" 200 891 "http://192.168.222.190/icingaweb2/icingaweb2/monitoring" "Nagstamon/3.2.1/Windows"
192.168.222.13 - admin [25/Mar/2019:09:48:00 +0300] "GET /icingaweb2/monitoring/list/hosts?host_state%3E0&host_state%3C=2&host_state_type=0&addColumns=host_last_check&format=json HTTP/1.1" 200 381 "http://192.168.222.190/icingaweb2/icingaweb2/monitoring" "Nagstamon/3.2.1/Windows"
192.168.222.13 - admin [25/Mar/2019:09:48:00 +0300] "GET /icingaweb2/monitoring/list/services?service_state%3E0&service_state%3C=3&service_state_type=1&addColumns=service_last_check&format=json HTTP/1.1" 200 384 "http://192.168.222.190/icingaweb2/icingaweb2/monitoring" "Nagstamon/3.2.1/Windows"
192.168.222.13 - admin [25/Mar/2019:09:48:00 +0300] "GET /icingaweb2/monitoring/list/services?service_state%3E0&service_state%3C=3&service_state_type=0&addColumns=service_last_check&format=json HTTP/1.1" 200 384 "http://192.168.222.190/icingaweb2/icingaweb2/monitoring" "Nagstamon/3.2.1/Windows"
127.0.0.1 - - [25/Mar/2019:09:48:03 +0300] "GET / HTTP/1.0" 200 10975 "-" "check_http/v2.2 (monitoring-plugins 2.2)"
192.168.222.13 - - [25/Mar/2019:09:48:05 +0300] "GET /icingaweb2/application-state HTTP/1.1" 200 391 "http://192.168.222.190/icingaweb2/grafana/graph" "Mozilla/5.0 (Windows NT 10.0; Win64; x64) AppleWebKit/537.36 (KHTML, like Gecko) Chrome/72.0.3626.121 Safari/537.36"
192.168.222.111 - - [25/Mar/2019:09:48:08 +0300] "GET /icingaweb2/application-state HTTP/1.1" 200 391 "http://192.168.222.190/icingaweb2/dashboard" "Mozilla/5.0 (X11; Ubuntu; Linux x86_64; rv:51.0) Gecko/20100101 Firefox/51.0"
192.168.222.13 - - [25/Mar/2019:09:48:12 +0300] "GET /icingaweb2/application-state/summary HTTP/1.1" 200 426 "http://192.168.222.190/icingaweb2/grafana/graph" "Mozilla/5.0 (Windows NT 10.0; Win64; x64) AppleWebKit/537.36 (KHTML, like Gecko) Chrome/72.0.3626.121 Safari/537.36"
192.168.222.13 - - [25/Mar/2019:09:48:12 +0300] "GET /icingaweb2/layout/menu?url=%2Ficingaweb2%2Fgrafana%2Fgraph HTTP/1.1" 200 1723 "http://192.168.222.190/icingaweb2/grafana/graph" "Mozilla/5.0 (Windows NT 10.0; Win64; x64) AppleWebKit/537.36 (KHTML, like Gecko) Chrome/72.0.3626.121 Safari/537.36"
192.168.222.13 - - [25/Mar/2019:09:48:18 +0300] "GET /icingaweb2/application-state HTTP/1.1" 200 391 "http://192.168.222.190/icingaweb2/monitoring/list/hosts" "Mozilla/5.0 (Windows NT 10.0; Win64; x64) AppleWebKit/537.36 (KHTML, like Gecko) Chrome/72.0.3626.121 Safari/537.36"
192.168.222.13 - - [25/Mar/2019:09:48:28 +0300] "GET /icingaweb2/layout/menu?url=%2Ficingaweb2%2Fgrafana%2Fgraph HTTP/1.1" 200 1723 "http://192.168.222.190/icingaweb2/grafana/graph" "Mozilla/5.0 (Windows NT 10.0; Win64; x64) AppleWebKit/537.36 (KHTML, like Gecko) Chrome/72.0.3626.121 Safari/537.36"
192.168.222.13 - - [25/Mar/2019:09:48:43 +0300] "GET /icingaweb2/layout/menu?url=%2Ficingaweb2%2Fgrafana%2Fgraph HTTP/1.1" 200 1723 "http://192.168.222.190/icingaweb2/grafana/graph" "Mozilla/5.0 (Windows NT 10.0; Win64; x64) AppleWebKit/537.36 (KHTML, like Gecko) Chrome/72.0.3626.121 Safari/537.36"
192.168.222.13 - - [25/Mar/2019:09:48:59 +0300] "GET /icingaweb2/layout/menu?url=%2Ficingaweb2%2Fgrafana%2Fgraph HTTP/1.1" 200 1723 "http://192.168.222.190/icingaweb2/grafana/graph" "Mozilla/5.0 (Windows NT 10.0; Win64; x64) AppleWebKit/537.36 (KHTML, like Gecko) Chrome/72.0.3626.121 Safari/537.36"
192.168.222.13 - admin [25/Mar/2019:09:49:00 +0300] "GET /icingaweb2/monitoring/list/hosts?host_state%3E0&host_state%3C=2&host_state_type=1&addColumns=host_last_check&format=json HTTP/1.1" 200 891 "http://192.168.222.190/icingaweb2/icingaweb2/monitoring" "Nagstamon/3.2.1/Windows"
192.168.222.13 - admin [25/Mar/2019:09:49:00 +0300] "GET /icingaweb2/monitoring/list/hosts?host_state%3E0&host_state%3C=2&host_state_type=0&addColumns=host_last_check&format=json HTTP/1.1" 200 381 "http://192.168.222.190/icingaweb2/icingaweb2/monitoring" "Nagstamon/3.2.1/Windows"
192.168.222.13 - admin [25/Mar/2019:09:49:00 +0300] "GET /icingaweb2/monitoring/list/services?service_state%3E0&service_state%3C=3&service_state_type=1&addColumns=service_last_check&format=json HTTP/1.1" 200 384 "http://192.168.222.190/icingaweb2/icingaweb2/monitoring" "Nagstamon/3.2.1/Windows"
192.168.222.13 - admin [25/Mar/2019:09:49:00 +0300] "GET /icingaweb2/monitoring/list/services?service_state%3E0&service_state%3C=3&service_state_type=0&addColumns=service_last_check&format=json HTTP/1.1" 200 384 "http://192.168.222.190/icingaweb2/icingaweb2/monitoring" "Nagstamon/3.2.1/Windows"
127.0.0.1 - - [25/Mar/2019:09:49:03 +0300] "GET / HTTP/1.0" 200 10975 "-" "check_http/v2.2 (monitoring-plugins 2.2)"
192.168.222.13 - - [25/Mar/2019:09:49:06 +0300] "GET /icingaweb2/application-state HTTP/1.1" 200 391 "http://192.168.222.190/icingaweb2/grafana/graph" "Mozilla/5.0 (Windows NT 10.0; Win64; x64) AppleWebKit/537.36 (KHTML, like Gecko) Chrome/72.0.3626.121 Safari/537.36"
192.168.222.111 - - [25/Mar/2019:09:49:08 +0300] "GET /icingaweb2/application-state HTTP/1.1" 200 391 "http://192.168.222.190/icingaweb2/dashboard" "Mozilla/5.0 (X11; Ubuntu; Linux x86_64; rv:51.0) Gecko/20100101 Firefox/51.0"
192.168.222.13 - - [25/Mar/2019:09:49:13 +0300] "GET /icingaweb2/application-state/summary HTTP/1.1" 200 426 "http://192.168.222.190/icingaweb2/grafana/graph" "Mozilla/5.0 (Windows NT 10.0; Win64; x64) AppleWebKit/537.36 (KHTML, like Gecko) Chrome/72.0.3626.121 Safari/537.36"
192.168.222.13 - - [25/Mar/2019:09:49:14 +0300] "GET /icingaweb2/layout/menu?url=%2Ficingaweb2%2Fgrafana%2Fgraph HTTP/1.1" 200 1722 "http://192.168.222.190/icingaweb2/grafana/graph" "Mozilla/5.0 (Windows NT 10.0; Win64; x64) AppleWebKit/537.36 (KHTML, like Gecko) Chrome/72.0.3626.121 Safari/537.36"
192.168.222.13 - - [25/Mar/2019:09:49:19 +0300] "GET /icingaweb2/application-state HTTP/1.1" 200 391 "http://192.168.222.190/icingaweb2/monitoring/list/hosts" "Mozilla/5.0 (Windows NT 10.0; Win64; x64) AppleWebKit/537.36 (KHTML, like Gecko) Chrome/72.0.3626.121 Safari/537.36"
192.168.222.13 - - [25/Mar/2019:09:49:30 +0300] "GET /icingaweb2/layout/menu?url=%2Ficingaweb2%2Fgrafana%2Fgraph HTTP/1.1" 200 1723 "http://192.168.222.190/icingaweb2/grafana/graph" "Mozilla/5.0 (Windows NT 10.0; Win64; x64) AppleWebKit/537.36 (KHTML, like Gecko) Chrome/72.0.3626.121 Safari/537.36"
192.168.222.13 - - [25/Mar/2019:09:49:45 +0300] "GET /icingaweb2/layout/menu?url=%2Ficingaweb2%2Fgrafana%2Fgraph HTTP/1.1" 200 1723 "http://192.168.222.190/icingaweb2/grafana/graph" "Mozilla/5.0 (Windows NT 10.0; Win64; x64) AppleWebKit/537.36 (KHTML, like Gecko) Chrome/72.0.3626.121 Safari/537.36"