192.168.222.13 - - [25/Mar/2019:09:24:27 +0300] "GET /icingaweb2/monitoring/list/hosts HTTP/1.1" 200 4104 "http://192.168.222.190/icingaweb2/monitoring/list/hosts" "Mozilla/5.0 (Windows NT 10.0; Win64; x64) AppleWebKit/537.36 (KHTML, like Gecko) Chrome/72.0.3626.121 Safari/537.36"
192.168.222.13 - - [25/Mar/2019:09:24:29 +0300] "GET /icingaweb2/layout/menu?url=%2Ficingaweb2%2Fmonitoring%2Flist%2Fhosts HTTP/1.1" 200 1722 "http://192.168.222.190/icingaweb2/monitoring/list/hosts" "Mozilla/5.0 (Windows NT 10.0; Win64; x64) AppleWebKit/537.36 (KHTML, like Gecko) Chrome/72.0.3626.121 Safari/537.36"
192.168.222.13 - - [25/Mar/2019:09:24:30 +0300] "GET /icingaweb2/monitoring/list/services?host=bitrix.reksoft.ru HTTP/1.1" 200 3343 "http://192.168.222.190/icingaweb2/monitoring/list/hosts" "Mozilla/5.0 (Windows NT 10.0; Win64; x64) AppleWebKit/537.36 (KHTML, like Gecko) Chrome/72.0.3626.121 Safari/537.36"
192.168.222.13 - - [25/Mar/2019:09:24:37 +0300] "GET /icingaweb2/monitoring/list/hosts HTTP/1.1" 200 4107 "http://192.168.222.190/icingaweb2/monitoring/list/hosts" "Mozilla/5.0 (Windows NT 10.0; Win64; x64) AppleWebKit/537.36 (KHTML, like Gecko) Chrome/72.0.3626.121 Safari/537.36"
192.168.222.13 - - [25/Mar/2019:09:24:40 +0300] "GET /icingaweb2/application-state/summary HTTP/1.1" 200 425 "http://192.168.222.190/icingaweb2/monitoring/list/hosts" "Mozilla/5.0 (Windows NT 10.0; Win64; x64) AppleWebKit/537.36 (KHTML, like Gecko) Chrome/72.0.3626.121 Safari/537.36"
192.168.222.13 - - [25/Mar/2019:09:24:40 +0300] "GET /icingaweb2/monitoring/list/services?host=bitrix.reksoft.ru HTTP/1.1" 200 3344 "http://192.168.222.190/icingaweb2/monitoring/list/hosts" "Mozilla/5.0 (Windows NT 10.0; Win64; x64) AppleWebKit/537.36 (KHTML, like Gecko) Chrome/72.0.3626.121 Safari/537.36"
192.168.222.13 - - [25/Mar/2019:09:24:44 +0300] "GET /icingaweb2/layout/menu?url=%2Ficingaweb2%2Fmonitoring%2Flist%2Fhosts HTTP/1.1" 200 1722 "http://192.168.222.190/icingaweb2/monitoring/list/hosts" "Mozilla/5.0 (Windows NT 10.0; Win64; x64) AppleWebKit/537.36 (KHTML, like Gecko) Chrome/72.0.3626.121 Safari/537.36"
192.168.222.13 - - [25/Mar/2019:09:24:48 +0300] "GET /icingaweb2/monitoring/list/hosts HTTP/1.1" 200 4106 "http://192.168.222.190/icingaweb2/monitoring/list/hosts" "Mozilla/5.0 (Windows NT 10.0; Win64; x64) AppleWebKit/537.36 (KHTML, like Gecko) Chrome/72.0.3626.121 Safari/537.36"
192.168.222.13 - - [25/Mar/2019:09:24:51 +0300] "GET /icingaweb2/monitoring/list/services?host=bitrix.reksoft.ru HTTP/1.1" 200 3343 "http://192.168.222.190/icingaweb2/monitoring/list/hosts" "Mozilla/5.0 (Windows NT 10.0; Win64; x64) AppleWebKit/537.36 (KHTML, like Gecko) Chrome/72.0.3626.121 Safari/537.36"
192.168.222.13 - admin [25/Mar/2019:09:24:56 +0300] "GET /icingaweb2/monitoring/list/hosts?host_state%3E0&host_state%3C=2&host_state_type=1&addColumns=host_last_check&format=json HTTP/1.1" 200 891 "http://192.168.222.190/icingaweb2/icingaweb2/monitoring" "Nagstamon/3.2.1/Windows"
192.168.222.13 - admin [25/Mar/2019:09:24:56 +0300] "GET /icingaweb2/monitoring/list/hosts?host_state%3E0&host_state%3C=2&host_state_type=0&addColumns=host_last_check&format=json HTTP/1.1" 200 381 "http://192.168.222.190/icingaweb2/icingaweb2/monitoring" "Nagstamon/3.2.1/Windows"
192.168.222.13 - admin [25/Mar/2019:09:24:56 +0300] "GET /icingaweb2/monitoring/list/services?service_state%3E0&service_state%3C=3&service_state_type=1&addColumns=service_last_check&format=json HTTP/1.1" 200 384 "http://192.168.222.190/icingaweb2/icingaweb2/monitoring" "Nagstamon/3.2.1/Windows"
192.168.222.13 - admin [25/Mar/2019:09:24:56 +0300] "GET /icingaweb2/monitoring/list/services?service_state%3E0&service_state%3C=3&service_state_type=0&addColumns=service_last_check&format=json HTTP/1.1" 200 384 "http://192.168.222.190/icingaweb2/icingaweb2/monitoring" "Nagstamon/3.2.1/Windows"
192.168.222.111 - - [25/Mar/2019:09:24:57 +0300] "GET /icingaweb2/application-state HTTP/1.1" 200 391 "http://192.168.222.190/icingaweb2/dashboard" "Mozilla/5.0 (X11; Ubuntu; Linux x86_64; rv:51.0) Gecko/20100101 Firefox/51.0"
192.168.222.13 - - [25/Mar/2019:09:24:58 +0300] "GET /icingaweb2/monitoring/list/hosts HTTP/1.1" 200 4107 "http://192.168.222.190/icingaweb2/monitoring/list/hosts" "Mozilla/5.0 (Windows NT 10.0; Win64; x64) AppleWebKit/537.36 (KHTML, like Gecko) Chrome/72.0.3626.121 Safari/537.36"
192.168.222.13 - - [25/Mar/2019:09:25:00 +0300] "GET /icingaweb2/application-state HTTP/1.1" 200 391 "http://192.168.222.190/icingaweb2/monitoring/list/hosts" "Mozilla/5.0 (Windows NT 10.0; Win64; x64) AppleWebKit/537.36 (KHTML, like Gecko) Chrome/72.0.3626.121 Safari/537.36"
192.168.222.13 - - [25/Mar/2019:09:25:00 +0300] "GET /icingaweb2/layout/menu?url=%2Ficingaweb2%2Fmonitoring%2Flist%2Fhosts HTTP/1.1" 200 1722 "http://192.168.222.190/icingaweb2/monitoring/list/hosts" "Mozilla/5.0 (Windows NT 10.0; Win64; x64) AppleWebKit/537.36 (KHTML, like Gecko) Chrome/72.0.3626.121 Safari/537.36"
192.168.222.13 - - [25/Mar/2019:09:25:01 +0300] "GET /icingaweb2/monitoring/list/services?host=bitrix.reksoft.ru HTTP/1.1" 200 3340 "http://192.168.222.190/icingaweb2/monitoring/list/hosts" "Mozilla/5.0 (Windows NT 10.0; Win64; x64) AppleWebKit/537.36 (KHTML, like Gecko) Chrome/72.0.3626.121 Safari/537.36"
127.0.0.1 - - [25/Mar/2019:09:25:03 +0300] "GET / HTTP/1.0" 200 10975 "-" "check_http/v2.2 (monitoring-plugins 2.2)"
192.168.222.13 - - [25/Mar/2019:09:25:09 +0300] "GET /icingaweb2/monitoring/list/hosts HTTP/1.1" 200 4108 "http://192.168.222.190/icingaweb2/monitoring/list/hosts" "Mozilla/5.0 (Windows NT 10.0; Win64; x64) AppleWebKit/537.36 (KHTML, like Gecko) Chrome/72.0.3626.121 Safari/537.36"
192.168.222.13 - - [25/Mar/2019:09:25:11 +0300] "GET /icingaweb2/application-state HTTP/1.1" 200 390 "http://192.168.222.190/icingaweb2/director/dashboard?name=services" "Mozilla/5.0 (Windows NT 10.0; Win64; x64) AppleWebKit/537.36 (KHTML, like Gecko) Chrome/72.0.3626.121 Safari/537.36"
192.168.222.13 - - [25/Mar/2019:09:25:12 +0300] "GET /icingaweb2/monitoring/list/services?host=bitrix.reksoft.ru HTTP/1.1" 200 3342 "http://192.168.222.190/icingaweb2/monitoring/list/hosts" "Mozilla/5.0 (Windows NT 10.0; Win64; x64) AppleWebKit/537.36 (KHTML, like Gecko) Chrome/72.0.3626.121 Safari/537.36"
192.168.222.13 - - [25/Mar/2019:09:25:15 +0300] "GET /icingaweb2/layout/menu?url=%2Ficingaweb2%2Fmonitoring%2Flist%2Fhosts HTTP/1.1" 200 1722 "http://192.168.222.190/icingaweb2/monitoring/list/hosts" "Mozilla/5.0 (Windows NT 10.0; Win64; x64) AppleWebKit/537.36 (KHTML, like Gecko) Chrome/72.0.3626.121 Safari/537.36"
192.168.222.13 - - [25/Mar/2019:09:25:19 +0300] "GET /icingaweb2/monitoring/list/hosts HTTP/1.1" 200 4108 "http://192.168.222.190/icingaweb2/monitoring/list/hosts" "Mozilla/5.0 (Windows NT 10.0; Win64; x64) AppleWebKit/537.36 (KHTML, like Gecko) Chrome/72.0.3626.121 Safari/537.36"
192.168.222.13 - - [25/Mar/2019:09:25:22 +0300] "GET /icingaweb2/monitoring/list/services?host=bitrix.reksoft.ru HTTP/1.1" 200 3341 "http://192.168.222.190/icingaweb2/monitoring/list/hosts" "Mozilla/5.0 (Windows NT 10.0; Win64; x64) AppleWebKit/537.36 (KHTML, like Gecko) Chrome/72.0.3626.121 Safari/537.36"
192.168.222.13 - - [25/Mar/2019:09:25:30 +0300] "GET /icingaweb2/monitoring/list/hosts HTTP/1.1" 200 4105 "http://192.168.222.190/icingaweb2/monitoring/list/hosts" "Mozilla/5.0 (Windows NT 10.0; Win64; x64) AppleWebKit/537.36 (KHTML, like Gecko) Chrome/72.0.3626.121 Safari/537.36"
192.168.222.13 - - [25/Mar/2019:09:25:31 +0300] "GET /icingaweb2/layout/menu?url=%2Ficingaweb2%2Fmonitoring%2Flist%2Fhosts HTTP/1.1" 200 1722 "http://192.168.222.190/icingaweb2/monitoring/list/hosts" "Mozilla/5.0 (Windows NT 10.0; Win64; x64) AppleWebKit/537.36 (KHTML, like Gecko) Chrome/72.0.3626.121 Safari/537.36"
192.168.222.13 - - [25/Mar/2019:09:25:33 +0300] "GET /icingaweb2/monitoring/list/services?host=bitrix.reksoft.ru HTTP/1.1" 200 3341 "http://192.168.222.190/icingaweb2/monitoring/list/hosts" "Mozilla/5.0 (Windows NT 10.0; Win64; x64) AppleWebKit/537.36 (KHTML, like Gecko) Chrome/72.0.3626.121 Safari/537.36"
192.168.222.13 - - [25/Mar/2019:09:25:40 +0300] "GET /icingaweb2/application-state/summary HTTP/1.1" 200 426 "http://192.168.222.190/icingaweb2/monitoring/list/hosts" "Mozilla/5.0 (Windows NT 10.0; Win64; x64) AppleWebKit/537.36 (KHTML, like Gecko) Chrome/72.0.3626.121 Safari/537.36"
192.168.222.13 - - [25/Mar/2019:09:25:40 +0300] "GET /icingaweb2/monitoring/list/hosts HTTP/1.1" 200 4107 "http://192.168.222.190/icingaweb2/monitoring/list/hosts" "Mozilla/5.0 (Windows NT 10.0; Win64; x64) AppleWebKit/537.36 (KHTML, like Gecko) Chrome/72.0.3626.121 Safari/537.36"
192.168.222.13 - - [25/Mar/2019:09:25:43 +0300] "GET /icingaweb2/monitoring/list/services?host=bitrix.reksoft.ru HTTP/1.1" 200 3343 "http://192.168.222.190/icingaweb2/monitoring/list/hosts" "Mozilla/5.0 (Windows NT 10.0; Win64; x64) AppleWebKit/537.36 (KHTML, like Gecko) Chrome/72.0.3626.121 Safari/537.36"
192.168.222.13 - - [25/Mar/2019:09:25:46 +0300] "GET /icingaweb2/layout/menu?url=%2Ficingaweb2%2Fmonitoring%2Flist%2Fhosts HTTP/1.1" 200 1722 "http://192.168.222.190/icingaweb2/monitoring/list/hosts" "Mozilla/5.0 (Windows NT 10.0; Win64; x64) AppleWebKit/537.36 (KHTML, like Gecko) Chrome/72.0.3626.121 Safari/537.36"
192.168.222.13 - - [25/Mar/2019:09:25:51 +0300] "GET /icingaweb2/monitoring/list/hosts HTTP/1.1" 200 4108 "http://192.168.222.190/icingaweb2/monitoring/list/hosts" "Mozilla/5.0 (Windows NT 10.0; Win64; x64) AppleWebKit/537.36 (KHTML, like Gecko) Chrome/72.0.3626.121 Safari/537.36"
192.168.222.13 - - [25/Mar/2019:09:25:54 +0300] "GET /icingaweb2/monitoring/list/services?host=bitrix.reksoft.ru HTTP/1.1" 200 3338 "http://192.168.222.190/icingaweb2/monitoring/list/hosts" "Mozilla/5.0 (Windows NT 10.0; Win64; x64) AppleWebKit/537.36 (KHTML, like Gecko) Chrome/72.0.3626.121 Safari/537.36"
192.168.222.13 - admin [25/Mar/2019:09:25:56 +0300] "GET /icingaweb2/monitoring/list/hosts?host_state%3E0&host_state%3C=2&host_state_type=1&addColumns=host_last_check&format=json HTTP/1.1" 200 891 "http://192.168.222.190/icingaweb2/icingaweb2/monitoring" "Nagstamon/3.2.1/Windows"
192.168.222.13 - admin [25/Mar/2019:09:25:56 +0300] "GET /icingaweb2/monitoring/list/hosts?host_state%3E0&host_state%3C=2&host_state_type=0&addColumns=host_last_check&format=json HTTP/1.1" 200 381 "http://192.168.222.190/icingaweb2/icingaweb2/monitoring" "Nagstamon/3.2.1/Windows"
192.168.222.13 - admin [25/Mar/2019:09:25:56 +0300] "GET /icingaweb2/monitoring/list/services?service_state%3E0&service_state%3C=3&service_state_type=1&addColumns=service_last_check&format=json HTTP/1.1" 200 384 "http://192.168.222.190/icingaweb2/icingaweb2/monitoring" "Nagstamon/3.2.1/Windows"
192.168.222.13 - admin [25/Mar/2019:09:25:56 +0300] "GET /icingaweb2/monitoring/list/services?service_state%3E0&service_state%3C=3&service_state_type=0&addColumns=service_last_check&format=json HTTP/1.1" 200 384 "http://192.168.222.190/icingaweb2/icingaweb2/monitoring" "Nagstamon/3.2.1/Windows"
192.168.222.111 - - [25/Mar/2019:09:25:58 +0300] "GET /icingaweb2/application-state HTTP/1.1" 200 391 "http://192.168.222.190/icingaweb2/dashboard" "Mozilla/5.0 (X11; Ubuntu; Linux x86_64; rv:51.0) Gecko/20100101 Firefox/51.0"
192.168.222.13 - - [25/Mar/2019:09:26:00 +0300] "GET /icingaweb2/application-state HTTP/1.1" 200 391 "http://192.168.222.190/icingaweb2/monitoring/list/hosts" "Mozilla/5.0 (Windows NT 10.0; Win64; x64) AppleWebKit/537.36 (KHTML, like Gecko) Chrome/72.0.3626.121 Safari/537.36"
192.168.222.13 - - [25/Mar/2019:09:26:01 +0300] "GET /icingaweb2/monitoring/list/hosts HTTP/1.1" 200 4110 "http://192.168.222.190/icingaweb2/monitoring/list/hosts" "Mozilla/5.0 (Windows NT 10.0; Win64; x64) AppleWebKit/537.36 (KHTML, like Gecko) Chrome/72.0.3626.121 Safari/537.36"
192.168.222.13 - - [25/Mar/2019:09:26:02 +0300] "GET /icingaweb2/layout/menu?url=%2Ficingaweb2%2Fmonitoring%2Flist%2Fhosts HTTP/1.1" 200 1722 "http://192.168.222.190/icingaweb2/monitoring/list/hosts" "Mozilla/5.0 (Windows NT 10.0; Win64; x64) AppleWebKit/537.36 (KHTML, like Gecko) Chrome/72.0.3626.121 Safari/537.36"
127.0.0.1 - - [25/Mar/2019:09:26:03 +0300] "GET / HTTP/1.0" 200 10975 "-" "check_http/v2.2 (monitoring-plugins 2.2)"
192.168.222.13 - - [25/Mar/2019:09:26:04 +0300] "GET /icingaweb2/monitoring/list/services?host=bitrix.reksoft.ru HTTP/1.1" 200 3342 "http://192.168.222.190/icingaweb2/monitoring/list/hosts" "Mozilla/5.0 (Windows NT 10.0; Win64; x64) AppleWebKit/537.36 (KHTML, like Gecko) Chrome/72.0.3626.121 Safari/537.36"
192.168.222.13 - - [25/Mar/2019:09:26:12 +0300] "GET /icingaweb2/monitoring/list/hosts HTTP/1.1" 200 4115 "http://192.168.222.190/icingaweb2/monitoring/list/hosts" "Mozilla/5.0 (Windows NT 10.0; Win64; x64) AppleWebKit/537.36 (KHTML, like Gecko) Chrome/72.0.3626.121 Safari/537.36"
192.168.222.13 - - [25/Mar/2019:09:26:12 +0300] "GET /icingaweb2/application-state HTTP/1.1" 200 390 "http://192.168.222.190/icingaweb2/director/dashboard?name=services" "Mozilla/5.0 (Windows NT 10.0; Win64; x64) AppleWebKit/537.36 (KHTML, like Gecko) Chrome/72.0.3626.121 Safari/537.36"
192.168.222.13 - - [25/Mar/2019:09:26:15 +0300] "GET /icingaweb2/monitoring/list/services?host=bitrix.reksoft.ru HTTP/1.1" 200 3341 "http://192.168.222.190/icingaweb2/monitoring/list/hosts" "Mozilla/5.0 (Windows NT 10.0; Win64; x64) AppleWebKit/537.36 (KHTML, like Gecko) Chrome/72.0.3626.121 Safari/537.36"
192.168.222.13 - - [25/Mar/2019:09:26:17 +0300] "GET /icingaweb2/layout/menu?url=%2Ficingaweb2%2Fmonitoring%2Flist%2Fhosts HTTP/1.1" 200 1722 "http://192.168.222.190/icingaweb2/monitoring/list/hosts" "Mozilla/5.0 (Windows NT 10.0; Win64; x64) AppleWebKit/537.36 (KHTML, like Gecko) Chrome/72.0.3626.121 Safari/537.36"
192.168.222.13 - - [25/Mar/2019:09:26:22 +0300] "GET /icingaweb2/monitoring/list/hosts HTTP/1.1" 200 4110 "http://192.168.222.190/icingaweb2/monitoring/list/hosts" "Mozilla/5.0 (Windows NT 10.0; Win64; x64) AppleWebKit/537.36 (KHTML, like Gecko) Chrome/72.0.3626.121 Safari/537.36"
192.168.222.13 - - [25/Mar/2019:09:26:25 +0300] "GET /icingaweb2/monitoring/list/services?host=bitrix.reksoft.ru HTTP/1.1" 200 3341 "http://192.168.222.190/icingaweb2/monitoring/list/hosts" "Mozilla/5.0 (Windows NT 10.0; Win64; x64) AppleWebKit/537.36 (KHTML, like Gecko) Chrome/72.0.3626.121 Safari/537.36"
192.168.222.13 - - [25/Mar/2019:09:26:33 +0300] "GET /icingaweb2/monitoring/list/hosts HTTP/1.1" 200 4106 "http://192.168.222.190/icingaweb2/monitoring/list/hosts" "Mozilla/5.0 (Windows NT 10.0; Win64; x64) AppleWebKit/537.36 (KHTML, like Gecko) Chrome/72.0.3626.121 Safari/537.36"
192.168.222.13 - - [25/Mar/2019:09:26:33 +0300] "GET /icingaweb2/layout/menu?url=%2Ficingaweb2%2Fmonitoring%2Flist%2Fhosts HTTP/1.1" 200 1723 "http://192.168.222.190/icingaweb2/monitoring/list/hosts" "Mozilla/5.0 (Windows NT 10.0; Win64; x64) AppleWebKit/537.36 (KHTML, like Gecko) Chrome/72.0.3626.121 Safari/537.36"
192.168.222.13 - - [25/Mar/2019:09:26:36 +0300] "GET /icingaweb2/monitoring/list/services?host=bitrix.reksoft.ru HTTP/1.1" 200 3340 "http://192.168.222.190/icingaweb2/monitoring/list/hosts" "Mozilla/5.0 (Windows NT 10.0; Win64; x64) AppleWebKit/537.36 (KHTML, like Gecko) Chrome/72.0.3626.121 Safari/537.36"
192.168.222.13 - - [25/Mar/2019:09:26:40 +0300] "GET /icingaweb2/application-state/summary HTTP/1.1" 200 425 "http://192.168.222.190/icingaweb2/monitoring/list/hosts" "Mozilla/5.0 (Windows NT 10.0; Win64; x64) AppleWebKit/537.36 (KHTML, like Gecko) Chrome/72.0.3626.121 Safari/537.36"
192.168.222.13 - - [25/Mar/2019:09:26:43 +0300] "GET /icingaweb2/monitoring/list/hosts HTTP/1.1" 200 4101 "http://192.168.222.190/icingaweb2/monitoring/list/hosts" "Mozilla/5.0 (Windows NT 10.0; Win64; x64) AppleWebKit/537.36 (KHTML, like Gecko) Chrome/72.0.3626.121 Safari/537.36"
192.168.222.13 - - [25/Mar/2019:09:26:46 +0300] "GET /icingaweb2/monitoring/list/services?host=bitrix.reksoft.ru HTTP/1.1" 200 3343 "http://192.168.222.190/icingaweb2/monitoring/list/hosts" "Mozilla/5.0 (Windows NT 10.0; Win64; x64) AppleWebKit/537.36 (KHTML, like Gecko) Chrome/72.0.3626.121 Safari/537.36"
192.168.222.13 - - [25/Mar/2019:09:26:48 +0300] "GET /icingaweb2/layout/menu?url=%2Ficingaweb2%2Fmonitoring%2Flist%2Fhosts HTTP/1.1" 200 1722 "http://192.168.222.190/icingaweb2/monitoring/list/hosts" "Mozilla/5.0 (Windows NT 10.0; Win64; x64) AppleWebKit/537.36 (KHTML, like Gecko) Chrome/72.0.3626.121 Safari/537.36"
192.168.222.13 - - [25/Mar/2019:09:26:54 +0300] "GET /icingaweb2/monitoring/list/hosts HTTP/1.1" 200 4103 "http://192.168.222.190/icingaweb2/monitoring/list/hosts" "Mozilla/5.0 (Windows NT 10.0; Win64; x64) AppleWebKit/537.36 (KHTML, like Gecko) Chrome/72.0.3626.121 Safari/537.36"
192.168.222.13 - admin [25/Mar/2019:09:26:56 +0300] "GET /icingaweb2/monitoring/list/hosts?host_state%3E0&host_state%3C=2&host_state_type=1&addColumns=host_last_check&format=json HTTP/1.1" 200 891 "http://192.168.222.190/icingaweb2/icingaweb2/monitoring" "Nagstamon/3.2.1/Windows"
192.168.222.13 - admin [25/Mar/2019:09:26:56 +0300] "GET /icingaweb2/monitoring/list/hosts?host_state%3E0&host_state%3C=2&host_state_type=0&addColumns=host_last_check&format=json HTTP/1.1" 200 381 "http://192.168.222.190/icingaweb2/icingaweb2/monitoring" "Nagstamon/3.2.1/Windows"
192.168.222.13 - admin [25/Mar/2019:09:26:56 +0300] "GET /icingaweb2/monitoring/list/services?service_state%3E0&service_state%3C=3&service_state_type=1&addColumns=service_last_check&format=json HTTP/1.1" 200 384 "http://192.168.222.190/icingaweb2/icingaweb2/monitoring" "Nagstamon/3.2.1/Windows"
192.168.222.13 - admin [25/Mar/2019:09:26:56 +0300] "GET /icingaweb2/monitoring/list/services?service_state%3E0&service_state%3C=3&service_state_type=0&addColumns=service_last_check&format=json HTTP/1.1" 200 384 "http://192.168.222.190/icingaweb2/icingaweb2/monitoring" "Nagstamon/3.2.1/Windows"
192.168.222.13 - - [25/Mar/2019:09:26:57 +0300] "GET /icingaweb2/monitoring/list/services?host=bitrix.reksoft.ru HTTP/1.1" 200 3340 "http://192.168.222.190/icingaweb2/monitoring/list/hosts" "Mozilla/5.0 (Windows NT 10.0; Win64; x64) AppleWebKit/537.36 (KHTML, like Gecko) Chrome/72.0.3626.121 Safari/537.36"
192.168.222.111 - - [25/Mar/2019:09:26:58 +0300] "GET /icingaweb2/application-state HTTP/1.1" 200 391 "http://192.168.222.190/icingaweb2/dashboard" "Mozilla/5.0 (X11; Ubuntu; Linux x86_64; rv:51.0) Gecko/20100101 Firefox/51.0"
192.168.222.13 - - [25/Mar/2019:09:27:00 +0300] "GET /icingaweb2/application-state HTTP/1.1" 200 390 "http://192.168.222.190/icingaweb2/monitoring/list/hosts" "Mozilla/5.0 (Windows NT 10.0; Win64; x64) AppleWebKit/537.36 (KHTML, like Gecko) Chrome/72.0.3626.121 Safari/537.36"
127.0.0.1 - - [25/Mar/2019:09:27:03 +0300] "GET / HTTP/1.0" 200 10975 "-" "check_http/v2.2 (monitoring-plugins 2.2)"
192.168.222.13 - - [25/Mar/2019:09:27:03 +0300] "GET /icingaweb2/layout/menu?url=%2Ficingaweb2%2Fmonitoring%2Flist%2Fhosts HTTP/1.1" 200 1722 "http://192.168.222.190/icingaweb2/monitoring/list/hosts" "Mozilla/5.0 (Windows NT 10.0; Win64; x64) AppleWebKit/537.36 (KHTML, like Gecko) Chrome/72.0.3626.121 Safari/537.36"
192.168.222.13 - - [25/Mar/2019:09:27:04 +0300] "GET /icingaweb2/monitoring/list/hosts HTTP/1.1" 200 4102 "http://192.168.222.190/icingaweb2/monitoring/list/hosts" "Mozilla/5.0 (Windows NT 10.0; Win64; x64) AppleWebKit/537.36 (KHTML, like Gecko) Chrome/72.0.3626.121 Safari/537.36"
192.168.222.13 - - [25/Mar/2019:09:27:07 +0300] "GET /icingaweb2/monitoring/list/services?host=bitrix.reksoft.ru HTTP/1.1" 200 3343 "http://192.168.222.190/icingaweb2/monitoring/list/hosts" "Mozilla/5.0 (Windows NT 10.0; Win64; x64) AppleWebKit/537.36 (KHTML, like Gecko) Chrome/72.0.3626.121 Safari/537.36"
192.168.222.13 - - [25/Mar/2019:09:27:13 +0300] "GET /icingaweb2/application-state HTTP/1.1" 200 391 "http://192.168.222.190/icingaweb2/director/dashboard?name=services" "Mozilla/5.0 (Windows NT 10.0; Win64; x64) AppleWebKit/537.36 (KHTML, like Gecko) Chrome/72.0.3626.121 Safari/537.36"
192.168.222.13 - - [25/Mar/2019:09:27:15 +0300] "GET /icingaweb2/monitoring/list/hosts HTTP/1.1" 200 4103 "http://192.168.222.190/icingaweb2/monitoring/list/hosts" "Mozilla/5.0 (Windows NT 10.0; Win64; x64) AppleWebKit/537.36 (KHTML, like Gecko) Chrome/72.0.3626.121 Safari/537.36"
192.168.222.13 - - [25/Mar/2019:09:27:18 +0300] "GET /icingaweb2/monitoring/list/services?host=bitrix.reksoft.ru HTTP/1.1" 200 3343 "http://192.168.222.190/icingaweb2/monitoring/list/hosts" "Mozilla/5.0 (Windows NT 10.0; Win64; x64) AppleWebKit/537.36 (KHTML, like Gecko) Chrome/72.0.3626.121 Safari/537.36"
192.168.222.13 - - [25/Mar/2019:09:27:19 +0300] "GET /icingaweb2/layout/menu?url=%2Ficingaweb2%2Fmonitoring%2Flist%2Fhosts HTTP/1.1" 200 1722 "http://192.168.222.190/icingaweb2/monitoring/list/hosts" "Mozilla/5.0 (Windows NT 10.0; Win64; x64) AppleWebKit/537.36 (KHTML, like Gecko) Chrome/72.0.3626.121 Safari/537.36"
192.168.222.13 - - [25/Mar/2019:09:27:25 +0300] "GET /icingaweb2/monitoring/list/hosts HTTP/1.1" 200 4102 "http://192.168.222.190/icingaweb2/monitoring/list/hosts" "Mozilla/5.0 (Windows NT 10.0; Win64; x64) AppleWebKit/537.36 (KHTML, like Gecko) Chrome/72.0.3626.121 Safari/537.36"
192.168.222.13 - - [25/Mar/2019:09:27:28 +0300] "GET /icingaweb2/monitoring/list/services?host=bitrix.reksoft.ru HTTP/1.1" 200 3340 "http://192.168.222.190/icingaweb2/monitoring/list/hosts" "Mozilla/5.0 (Windows NT 10.0; Win64; x64) AppleWebKit/537.36 (KHTML, like Gecko) Chrome/72.0.3626.121 Safari/537.36"
192.168.222.13 - - [25/Mar/2019:09:27:34 +0300] "GET /icingaweb2/layout/menu?url=%2Ficingaweb2%2Fmonitoring%2Flist%2Fhosts HTTP/1.1" 200 1723 "http://192.168.222.190/icingaweb2/monitoring/list/hosts" "Mozilla/5.0 (Windows NT 10.0; Win64; x64) AppleWebKit/537.36 (KHTML, like Gecko) Chrome/72.0.3626.121 Safari/537.36"
192.168.222.13 - - [25/Mar/2019:09:27:36 +0300] "GET /icingaweb2/monitoring/list/hosts HTTP/1.1" 200 4101 "http://192.168.222.190/icingaweb2/monitoring/list/hosts" "Mozilla/5.0 (Windows NT 10.0; Win64; x64) AppleWebKit/537.36 (KHTML, like Gecko) Chrome/72.0.3626.121 Safari/537.36"
192.168.222.13 - - [25/Mar/2019:09:27:39 +0300] "GET /icingaweb2/monitoring/list/services?host=bitrix.reksoft.ru HTTP/1.1" 200 3341 "http://192.168.222.190/icingaweb2/monitoring/list/hosts" "Mozilla/5.0 (Windows NT 10.0; Win64; x64) AppleWebKit/537.36 (KHTML, like Gecko) Chrome/72.0.3626.121 Safari/537.36"
192.168.222.13 - - [25/Mar/2019:09:27:40 +0300] "GET /icingaweb2/application-state/summary HTTP/1.1" 200 425 "http://192.168.222.190/icingaweb2/monitoring/list/hosts" "Mozilla/5.0 (Windows NT 10.0; Win64; x64) AppleWebKit/537.36 (KHTML, like Gecko) Chrome/72.0.3626.121 Safari/537.36"
192.168.222.13 - - [25/Mar/2019:09:27:46 +0300] "GET /icingaweb2/monitoring/list/hosts HTTP/1.1" 200 4100 "http://192.168.222.190/icingaweb2/monitoring/list/hosts" "Mozilla/5.0 (Windows NT 10.0; Win64; x64) AppleWebKit/537.36 (KHTML, like Gecko) Chrome/72.0.3626.121 Safari/537.36"
192.168.222.13 - - [25/Mar/2019:09:27:49 +0300] "GET /icingaweb2/monitoring/list/services?host=bitrix.reksoft.ru HTTP/1.1" 200 3343 "http://192.168.222.190/icingaweb2/monitoring/list/hosts" "Mozilla/5.0 (Windows NT 10.0; Win64; x64) AppleWebKit/537.36 (KHTML, like Gecko) Chrome/72.0.3626.121 Safari/537.36"
192.168.222.13 - - [25/Mar/2019:09:27:49 +0300] "GET /icingaweb2/layout/menu?url=%2Ficingaweb2%2Fmonitoring%2Flist%2Fhosts HTTP/1.1" 200 1722 "http://192.168.222.190/icingaweb2/monitoring/list/hosts" "Mozilla/5.0 (Windows NT 10.0; Win64; x64) AppleWebKit/537.36 (KHTML, like Gecko) Chrome/72.0.3626.121 Safari/537.36"
192.168.222.13 - admin [25/Mar/2019:09:27:56 +0300] "GET /icingaweb2/monitoring/list/hosts?host_state%3E0&host_state%3C=2&host_state_type=1&addColumns=host_last_check&format=json HTTP/1.1" 200 891 "http://192.168.222.190/icingaweb2/icingaweb2/monitoring" "Nagstamon/3.2.1/Windows"
192.168.222.13 - admin [25/Mar/2019:09:27:56 +0300] "GET /icingaweb2/monitoring/list/hosts?host_state%3E0&host_state%3C=2&host_state_type=0&addColumns=host_last_check&format=json HTTP/1.1" 200 381 "http://192.168.222.190/icingaweb2/icingaweb2/monitoring" "Nagstamon/3.2.1/Windows"
192.168.222.13 - admin [25/Mar/2019:09:27:56 +0300] "GET /icingaweb2/monitoring/list/services?service_state%3E0&service_state%3C=3&service_state_type=1&addColumns=service_last_check&format=json HTTP/1.1" 200 384 "http://192.168.222.190/icingaweb2/icingaweb2/monitoring" "Nagstamon/3.2.1/Windows"
192.168.222.13 - admin [25/Mar/2019:09:27:56 +0300] "GET /icingaweb2/monitoring/list/services?service_state%3E0&service_state%3C=3&service_state_type=0&addColumns=service_last_check&format=json HTTP/1.1" 200 384 "http://192.168.222.190/icingaweb2/icingaweb2/monitoring" "Nagstamon/3.2.1/Windows"
192.168.222.13 - - [25/Mar/2019:09:27:57 +0300] "GET /icingaweb2/monitoring/list/hosts HTTP/1.1" 200 4103 "http://192.168.222.190/icingaweb2/monitoring/list/hosts" "Mozilla/5.0 (Windows NT 10.0; Win64; x64) AppleWebKit/537.36 (KHTML, like Gecko) Chrome/72.0.3626.121 Safari/537.36"
192.168.222.111 - - [25/Mar/2019:09:27:59 +0300] "GET /icingaweb2/application-state HTTP/1.1" 200 391 "http://192.168.222.190/icingaweb2/dashboard" "Mozilla/5.0 (X11; Ubuntu; Linux x86_64; rv:51.0) Gecko/20100101 Firefox/51.0"
192.168.222.13 - - [25/Mar/2019:09:28:00 +0300] "GET /icingaweb2/monitoring/list/services?host=bitrix.reksoft.ru HTTP/1.1" 200 3343 "http://192.168.222.190/icingaweb2/monitoring/list/hosts" "Mozilla/5.0 (Windows NT 10.0; Win64; x64) AppleWebKit/537.36 (KHTML, like Gecko) Chrome/72.0.3626.121 Safari/537.36"
192.168.222.13 - - [25/Mar/2019:09:28:00 +0300] "GET /icingaweb2/application-state HTTP/1.1" 200 390 "http://192.168.222.190/icingaweb2/monitoring/list/hosts" "Mozilla/5.0 (Windows NT 10.0; Win64; x64) AppleWebKit/537.36 (KHTML, like Gecko) Chrome/72.0.3626.121 Safari/537.36"
127.0.0.1 - - [25/Mar/2019:09:28:03 +0300] "GET / HTTP/1.0" 200 10975 "-" "check_http/v2.2 (monitoring-plugins 2.2)"
192.168.222.13 - - [25/Mar/2019:09:28:05 +0300] "GET /icingaweb2/layout/menu?url=%2Ficingaweb2%2Fmonitoring%2Flist%2Fhosts HTTP/1.1" 200 1722 "http://192.168.222.190/icingaweb2/monitoring/list/hosts" "Mozilla/5.0 (Windows NT 10.0; Win64; x64) AppleWebKit/537.36 (KHTML, like Gecko) Chrome/72.0.3626.121 Safari/537.36"
192.168.222.13 - - [25/Mar/2019:09:28:07 +0300] "GET /icingaweb2/monitoring/list/hosts HTTP/1.1" 200 4103 "http://192.168.222.190/icingaweb2/monitoring/list/hosts" "Mozilla/5.0 (Windows NT 10.0; Win64; x64) AppleWebKit/537.36 (KHTML, like Gecko) Chrome/72.0.3626.121 Safari/537.36"
192.168.222.13 - - [25/Mar/2019:09:28:10 +0300] "GET /icingaweb2/monitoring/list/services?host=bitrix.reksoft.ru HTTP/1.1" 200 3339 "http://192.168.222.190/icingaweb2/monitoring/list/hosts" "Mozilla/5.0 (Windows NT 10.0; Win64; x64) AppleWebKit/537.36 (KHTML, like Gecko) Chrome/72.0.3626.121 Safari/537.36"
192.168.222.13 - - [25/Mar/2019:09:28:14 +0300] "GET /icingaweb2/application-state HTTP/1.1" 200 390 "http://192.168.222.190/icingaweb2/director/dashboard?name=services" "Mozilla/5.0 (Windows NT 10.0; Win64; x64) AppleWebKit/537.36 (KHTML, like Gecko) Chrome/72.0.3626.121 Safari/537.36"
192.168.222.13 - - [25/Mar/2019:09:28:17 +0300] "GET /icingaweb2/monitoring/list/hosts HTTP/1.1" 200 4106 "http://192.168.222.190/icingaweb2/monitoring/list/hosts" "Mozilla/5.0 (Windows NT 10.0; Win64; x64) AppleWebKit/537.36 (KHTML, like Gecko) Chrome/72.0.3626.121 Safari/537.36"
192.168.222.13 - - [25/Mar/2019:09:28:20 +0300] "GET /icingaweb2/layout/menu?url=%2Ficingaweb2%2Fmonitoring%2Flist%2Fhosts HTTP/1.1" 200 1722 "http://192.168.222.190/icingaweb2/monitoring/list/hosts" "Mozilla/5.0 (Windows NT 10.0; Win64; x64) AppleWebKit/537.36 (KHTML, like Gecko) Chrome/72.0.3626.121 Safari/537.36"
192.168.222.13 - - [25/Mar/2019:09:28:20 +0300] "GET /icingaweb2/monitoring/list/services?host=bitrix.reksoft.ru HTTP/1.1" 200 3342 "http://192.168.222.190/icingaweb2/monitoring/list/hosts" "Mozilla/5.0 (Windows NT 10.0; Win64; x64) AppleWebKit/537.36 (KHTML, like Gecko) Chrome/72.0.3626.121 Safari/537.36"
192.168.222.13 - - [25/Mar/2019:09:28:28 +0300] "GET /icingaweb2/monitoring/list/hosts HTTP/1.1" 200 4106 "http://192.168.222.190/icingaweb2/monitoring/list/hosts" "Mozilla/5.0 (Windows NT 10.0; Win64; x64) AppleWebKit/537.36 (KHTML, like Gecko) Chrome/72.0.3626.121 Safari/537.36"
192.168.222.13 - - [25/Mar/2019:09:28:31 +0300] "GET /icingaweb2/monitoring/list/services?host=bitrix.reksoft.ru HTTP/1.1" 200 3342 "http://192.168.222.190/icingaweb2/monitoring/list/hosts" "Mozilla/5.0 (Windows NT 10.0; Win64; x64) AppleWebKit/537.36 (KHTML, like Gecko) Chrome/72.0.3626.121 Safari/537.36"
192.168.222.13 - - [25/Mar/2019:09:28:35 +0300] "GET /icingaweb2/layout/menu?url=%2Ficingaweb2%2Fmonitoring%2Flist%2Fhosts HTTP/1.1" 200 1722 "http://192.168.222.190/icingaweb2/monitoring/list/hosts" "Mozilla/5.0 (Windows NT 10.0; Win64; x64) AppleWebKit/537.36 (KHTML, like Gecko) Chrome/72.0.3626.121 Safari/537.36"
192.168.222.13 - - [25/Mar/2019:09:28:38 +0300] "GET /icingaweb2/monitoring/list/hosts HTTP/1.1" 200 4106 "http://192.168.222.190/icingaweb2/monitoring/list/hosts" "Mozilla/5.0 (Windows NT 10.0; Win64; x64) AppleWebKit/537.36 (KHTML, like Gecko) Chrome/72.0.3626.121 Safari/537.36"
192.168.222.13 - - [25/Mar/2019:09:28:41 +0300] "GET /icingaweb2/application-state/summary HTTP/1.1" 200 425 "http://192.168.222.190/icingaweb2/monitoring/list/hosts" "Mozilla/5.0 (Windows NT 10.0; Win64; x64) AppleWebKit/537.36 (KHTML, like Gecko) Chrome/72.0.3626.121 Safari/537.36"
192.168.222.13 - - [25/Mar/2019:09:28:41 +0300] "GET /icingaweb2/monitoring/list/services?host=bitrix.reksoft.ru HTTP/1.1" 200 3346 "http://192.168.222.190/icingaweb2/monitoring/list/hosts" "Mozilla/5.0 (Windows NT 10.0; Win64; x64) AppleWebKit/537.36 (KHTML, like Gecko) Chrome/72.0.3626.121 Safari/537.36"
192.168.222.13 - admin [25/Mar/2019:09:28:56 +0300] "GET /icingaweb2/monitoring/list/hosts?host_state%3E0&host_state%3C=2&host_state_type=1&addColumns=host_last_check&format=json HTTP/1.1" 200 891 "http://192.168.222.190/icingaweb2/icingaweb2/monitoring" "Nagstamon/3.2.1/Windows"
192.168.222.13 - admin [25/Mar/2019:09:28:56 +0300] "GET /icingaweb2/monitoring/list/hosts?host_state%3E0&host_state%3C=2&host_state_type=0&addColumns=host_last_check&format=json HTTP/1.1" 200 381 "http://192.168.222.190/icingaweb2/icingaweb2/monitoring" "Nagstamon/3.2.1/Windows"
192.168.222.13 - admin [25/Mar/2019:09:28:56 +0300] "GET /icingaweb2/monitoring/list/services?service_state%3E0&service_state%3C=3&service_state_type=1&addColumns=service_last_check&format=json HTTP/1.1" 200 384 "http://192.168.222.190/icingaweb2/icingaweb2/monitoring" "Nagstamon/3.2.1/Windows"
192.168.222.13 - admin [25/Mar/2019:09:28:56 +0300] "GET /icingaweb2/monitoring/list/services?service_state%3E0&service_state%3C=3&service_state_type=0&addColumns=service_last_check&format=json HTTP/1.1" 200 384 "http://192.168.222.190/icingaweb2/icingaweb2/monitoring" "Nagstamon/3.2.1/Windows"
192.168.222.111 - - [25/Mar/2019:09:28:59 +0300] "GET /icingaweb2/application-state HTTP/1.1" 200 391 "http://192.168.222.190/icingaweb2/dashboard" "Mozilla/5.0 (X11; Ubuntu; Linux x86_64; rv:51.0) Gecko/20100101 Firefox/51.0"
192.168.222.13 - - [25/Mar/2019:09:29:00 +0300] "GET /icingaweb2/application-state HTTP/1.1" 200 391 "http://192.168.222.190/icingaweb2/monitoring/list/hosts" "Mozilla/5.0 (Windows NT 10.0; Win64; x64) AppleWebKit/537.36 (KHTML, like Gecko) Chrome/72.0.3626.121 Safari/537.36"
127.0.0.1 - - [25/Mar/2019:09:29:03 +0300] "GET / HTTP/1.0" 200 10975 "-" "check_http/v2.2 (monitoring-plugins 2.2)"
192.168.222.13 - - [25/Mar/2019:09:29:15 +0300] "GET /icingaweb2/application-state HTTP/1.1" 200 391 "http://192.168.222.190/icingaweb2/director/dashboard?name=services" "Mozilla/5.0 (Windows NT 10.0; Win64; x64) AppleWebKit/537.36 (KHTML, like Gecko) Chrome/72.0.3626.121 Safari/537.36"
192.168.222.13 - - [25/Mar/2019:09:29:29 +0300] "GET /icingaweb2/application-state/summary HTTP/1.1" 200 426 "http://192.168.222.190/icingaweb2/director/dashboard?name=services" "Mozilla/5.0 (Windows NT 10.0; Win64; x64) AppleWebKit/537.36 (KHTML, like Gecko) Chrome/72.0.3626.121 Safari/537.36"
192.168.222.13 - - [25/Mar/2019:09:29:29 +0300] "GET /icingaweb2/layout/menu?url=%2Ficingaweb2%2Fdirector%2Fdashboard%3Fname%3Dservices HTTP/1.1" 200 1723 "http://192.168.222.190/icingaweb2/director/dashboard?name=services" "Mozilla/5.0 (Windows NT 10.0; Win64; x64) AppleWebKit/537.36 (KHTML, like Gecko) Chrome/72.0.3626.121 Safari/537.36"
192.168.222.13 - - [25/Mar/2019:09:29:29 +0300] "GET /icingaweb2/director/dashboard?name=services HTTP/1.1" 200 1443 "http://192.168.222.190/icingaweb2/director/dashboard?name=services" "Mozilla/5.0 (Windows NT 10.0; Win64; x64) AppleWebKit/537.36 (KHTML, like Gecko) Chrome/72.0.3626.121 Safari/537.36"
192.168.222.13 - - [25/Mar/2019:09:29:29 +0300] "GET /icingaweb2/director/services HTTP/1.1" 200 2691 "http://192.168.222.190/icingaweb2/director/dashboard?name=services" "Mozilla/5.0 (Windows NT 10.0; Win64; x64) AppleWebKit/537.36 (KHTML, like Gecko) Chrome/72.0.3626.121 Safari/537.36"
192.168.222.13 - - [25/Mar/2019:09:29:32 +0300] "GET /icingaweb2/navigation/dashboard?name=overview HTTP/1.1" 200 1023 "http://192.168.222.190/icingaweb2/director/dashboard?name=services" "Mozilla/5.0 (Windows NT 10.0; Win64; x64) AppleWebKit/537.36 (KHTML, like Gecko) Chrome/72.0.3626.121 Safari/537.36"
192.168.222.13 - - [25/Mar/2019:09:29:34 +0300] "GET /icingaweb2/monitoring/list/hosts HTTP/1.1" 200 4105 "http://192.168.222.190/icingaweb2/navigation/dashboard?name=overview" "Mozilla/5.0 (Windows NT 10.0; Win64; x64) AppleWebKit/537.36 (KHTML, like Gecko) Chrome/72.0.3626.121 Safari/537.36"
192.168.222.13 - - [25/Mar/2019:09:29:41 +0300] "GET /icingaweb2/director HTTP/1.1" 200 1885 "http://192.168.222.190/icingaweb2/monitoring/list/hosts" "Mozilla/5.0 (Windows NT 10.0; Win64; x64) AppleWebKit/537.36 (KHTML, like Gecko) Chrome/72.0.3626.121 Safari/537.36"
192.168.222.13 - - [25/Mar/2019:09:29:42 +0300] "GET /icingaweb2/director/dashboard?name=hosts HTTP/1.1" 200 1272 "http://192.168.222.190/icingaweb2/director" "Mozilla/5.0 (Windows NT 10.0; Win64; x64) AppleWebKit/537.36 (KHTML, like Gecko) Chrome/72.0.3626.121 Safari/537.36"
192.168.222.13 - - [25/Mar/2019:09:29:43 +0300] "GET /icingaweb2/director/hosts HTTP/1.1" 200 2301 "http://192.168.222.190/icingaweb2/director/dashboard?name=hosts" "Mozilla/5.0 (Windows NT 10.0; Win64; x64) AppleWebKit/537.36 (KHTML, like Gecko) Chrome/72.0.3626.121 Safari/537.36"
192.168.222.13 - - [25/Mar/2019:09:29:45 +0300] "GET /icingaweb2/img/icons/search_icinga_blue.png HTTP/1.1" 200 716 "http://192.168.222.190/icingaweb2/css/icinga.min.css" "Mozilla/5.0 (Windows NT 10.0; Win64; x64) AppleWebKit/537.36 (KHTML, like Gecko) Chrome/72.0.3626.121 Safari/537.36"
192.168.222.13 - - [25/Mar/2019:09:29:45 +0300] "GET /icingaweb2/layout/menu?url=%2Ficingaweb2%2Fdirector%2Fdashboard%3Fname%3Dhosts HTTP/1.1" 200 1722 "http://192.168.222.190/icingaweb2/director/dashboard?name=hosts" "Mozilla/5.0 (Windows NT 10.0; Win64; x64) AppleWebKit/537.36 (KHTML, like Gecko) Chrome/72.0.3626.121 Safari/537.36"
192.168.222.13 - - [25/Mar/2019:09:29:48 +0300] "GET /icingaweb2/director/hosts?q=10.200.200.3 HTTP/1.1" 200 1289 "http://192.168.222.190/icingaweb2/director/dashboard?name=hosts" "Mozilla/5.0 (Windows NT 10.0; Win64; x64) AppleWebKit/537.36 (KHTML, like Gecko) Chrome/72.0.3626.121 Safari/537.36"
192.168.222.13 - - [25/Mar/2019:09:29:52 +0300] "GET /icingaweb2/director/dashboard?name=hosts HTTP/1.1" 200 1272 "http://192.168.222.190/icingaweb2/director/dashboard?name=hosts" "Mozilla/5.0 (Windows NT 10.0; Win64; x64) AppleWebKit/537.36 (KHTML, like Gecko) Chrome/72.0.3626.121 Safari/537.36"
192.168.222.13 - - [25/Mar/2019:09:29:54 +0300] "GET /icingaweb2/navigation/dashboard?name=overview HTTP/1.1" 200 1023 "http://192.168.222.190/icingaweb2/director/dashboard?name=hosts" "Mozilla/5.0 (Windows NT 10.0; Win64; x64) AppleWebKit/537.36 (KHTML, like Gecko) Chrome/72.0.3626.121 Safari/537.36"
192.168.222.13 - - [25/Mar/2019:09:29:56 +0300] "GET /icingaweb2/monitoring/list/hosts HTTP/1.1" 200 4107 "http://192.168.222.190/icingaweb2/navigation/dashboard?name=overview" "Mozilla/5.0 (Windows NT 10.0; Win64; x64) AppleWebKit/537.36 (KHTML, like Gecko) Chrome/72.0.3626.121 Safari/537.36"
192.168.222.13 - admin [25/Mar/2019:09:29:56 +0300] "GET /icingaweb2/monitoring/list/hosts?host_state%3E0&host_state%3C=2&host_state_type=1&addColumns=host_last_check&format=json HTTP/1.1" 200 891 "http://192.168.222.190/icingaweb2/icingaweb2/monitoring" "Nagstamon/3.2.1/Windows"
192.168.222.13 - admin [25/Mar/2019:09:29:57 +0300] "GET /icingaweb2/monitoring/list/hosts?host_state%3E0&host_state%3C=2&host_state_type=0&addColumns=host_last_check&format=json HTTP/1.1" 200 381 "http://192.168.222.190/icingaweb2/icingaweb2/monitoring" "Nagstamon/3.2.1/Windows"
192.168.222.13 - admin [25/Mar/2019:09:29:57 +0300] "GET /icingaweb2/monitoring/list/services?service_state%3E0&service_state%3C=3&service_state_type=1&addColumns=service_last_check&format=json HTTP/1.1" 200 384 "http://192.168.222.190/icingaweb2/icingaweb2/monitoring" "Nagstamon/3.2.1/Windows"
192.168.222.13 - admin [25/Mar/2019:09:29:57 +0300] "GET /icingaweb2/monitoring/list/services?service_state%3E0&service_state%3C=3&service_state_type=0&addColumns=service_last_check&format=json HTTP/1.1" 200 384 "http://192.168.222.190/icingaweb2/icingaweb2/monitoring" "Nagstamon/3.2.1/Windows"
192.168.222.13 - - [25/Mar/2019:09:29:57 +0300] "GET /icingaweb2/monitoring/host/show?host=asa HTTP/1.1" 200 5198 "http://192.168.222.190/icingaweb2/monitoring/list/hosts" "Mozilla/5.0 (Windows NT 10.0; Win64; x64) AppleWebKit/537.36 (KHTML, like Gecko) Chrome/72.0.3626.121 Safari/537.36"
192.168.222.111 - - [25/Mar/2019:09:30:00 +0300] "GET /icingaweb2/application-state HTTP/1.1" 200 391 "http://192.168.222.190/icingaweb2/dashboard" "Mozilla/5.0 (X11; Ubuntu; Linux x86_64; rv:51.0) Gecko/20100101 Firefox/51.0"
192.168.222.13 - - [25/Mar/2019:09:30:00 +0300] "GET /icingaweb2/layout/menu?url=%2Ficingaweb2%2Fmonitoring%2Flist%2Fhosts HTTP/1.1" 200 1722 "http://192.168.222.190/icingaweb2/monitoring/list/hosts" "Mozilla/5.0 (Windows NT 10.0; Win64; x64) AppleWebKit/537.36 (KHTML, like Gecko) Chrome/72.0.3626.121 Safari/537.36"
192.168.222.13 - - [25/Mar/2019:09:30:01 +0300] "GET /icingaweb2/application-state HTTP/1.1" 200 390 "http://192.168.222.190/icingaweb2/monitoring/list/hosts" "Mozilla/5.0 (Windows NT 10.0; Win64; x64) AppleWebKit/537.36 (KHTML, like Gecko) Chrome/72.0.3626.121 Safari/537.36"
127.0.0.1 - - [25/Mar/2019:09:30:03 +0300] "GET / HTTP/1.0" 200 10975 "-" "check_http/v2.2 (monitoring-plugins 2.2)"
192.168.222.13 - - [25/Mar/2019:09:30:06 +0300] "GET /icingaweb2/monitoring/list/hosts HTTP/1.1" 200 4113 "http://192.168.222.190/icingaweb2/monitoring/list/hosts" "Mozilla/5.0 (Windows NT 10.0; Win64; x64) AppleWebKit/537.36 (KHTML, like Gecko) Chrome/72.0.3626.121 Safari/537.36"
192.168.222.13 - - [25/Mar/2019:09:30:06 +0300] "GET /icingaweb2/monitoring/host/show?host=asa&timerange=5m HTTP/1.1" 200 5210 "http://192.168.222.190/icingaweb2/monitoring/list/hosts" "Mozilla/5.0 (Windows NT 10.0; Win64; x64) AppleWebKit/537.36 (KHTML, like Gecko) Chrome/72.0.3626.121 Safari/537.36"
192.168.222.13 - - [25/Mar/2019:09:30:13 +0300] "GET /icingaweb2/config/modules HTTP/1.1" 200 1117 "http://192.168.222.190/icingaweb2/monitoring/list/hosts" "Mozilla/5.0 (Windows NT 10.0; Win64; x64) AppleWebKit/537.36 (KHTML, like Gecko) Chrome/72.0.3626.121 Safari/537.36"
192.168.222.13 - - [25/Mar/2019:09:30:15 +0300] "GET /icingaweb2/layout/menu?url=%2Ficingaweb2%2Fconfig%2Fmodules HTTP/1.1" 200 1722 "http://192.168.222.190/icingaweb2/config/modules" "Mozilla/5.0 (Windows NT 10.0; Win64; x64) AppleWebKit/537.36 (KHTML, like Gecko) Chrome/72.0.3626.121 Safari/537.36"
192.168.222.13 - - [25/Mar/2019:09:30:16 +0300] "GET /icingaweb2/application-state HTTP/1.1" 200 390 "http://192.168.222.190/icingaweb2/config/modules" "Mozilla/5.0 (Windows NT 10.0; Win64; x64) AppleWebKit/537.36 (KHTML, like Gecko) Chrome/72.0.3626.121 Safari/537.36"
192.168.222.13 - - [25/Mar/2019:09:30:16 +0300] "GET /icingaweb2/config/module?name=grafana HTTP/1.1" 200 1692 "http://192.168.222.190/icingaweb2/config/modules" "Mozilla/5.0 (Windows NT 10.0; Win64; x64) AppleWebKit/537.36 (KHTML, like Gecko) Chrome/72.0.3626.121 Safari/537.36"
192.168.222.13 - - [25/Mar/2019:09:30:18 +0300] "GET /icingaweb2/grafana/config HTTP/1.1" 200 2946 "http://192.168.222.190/icingaweb2/config/modules" "Mozilla/5.0 (Windows NT 10.0; Win64; x64) AppleWebKit/537.36 (KHTML, like Gecko) Chrome/72.0.3626.121 Safari/537.36"
192.168.222.13 - - [25/Mar/2019:09:30:27 +0300] "POST /icingaweb2/grafana/config HTTP/1.1" 200 2915 "http://192.168.222.190/icingaweb2/config/modules" "Mozilla/5.0 (Windows NT 10.0; Win64; x64) AppleWebKit/537.36 (KHTML, like Gecko) Chrome/72.0.3626.121 Safari/537.36"
192.168.222.13 - - [25/Mar/2019:09:30:29 +0300] "GET /icingaweb2/application-state/summary HTTP/1.1" 200 425 "http://192.168.222.190/icingaweb2/config/modules" "Mozilla/5.0 (Windows NT 10.0; Win64; x64) AppleWebKit/537.36 (KHTML, like Gecko) Chrome/72.0.3626.121 Safari/537.36"
192.168.222.13 - - [25/Mar/2019:09:30:30 +0300] "GET /icingaweb2/layout/menu?url=%2Ficingaweb2%2Fconfig%2Fmodules HTTP/1.1" 200 1722 "http://192.168.222.190/icingaweb2/config/modules" "Mozilla/5.0 (Windows NT 10.0; Win64; x64) AppleWebKit/537.36 (KHTML, like Gecko) Chrome/72.0.3626.121 Safari/537.36"
192.168.222.13 - - [25/Mar/2019:09:30:45 +0300] "GET /icingaweb2/layout/menu?url=%2Ficingaweb2%2Fconfig%2Fmodules HTTP/1.1" 200 1723 "http://192.168.222.190/icingaweb2/config/modules" "Mozilla/5.0 (Windows NT 10.0; Win64; x64) AppleWebKit/537.36 (KHTML, like Gecko) Chrome/72.0.3626.121 Safari/537.36"
192.168.222.13 - admin [25/Mar/2019:09:30:57 +0300] "GET /icingaweb2/monitoring/list/hosts?host_state%3E0&host_state%3C=2&host_state_type=1&addColumns=host_last_check&format=json HTTP/1.1" 200 891 "http://192.168.222.190/icingaweb2/icingaweb2/monitoring" "Nagstamon/3.2.1/Windows"
192.168.222.13 - admin [25/Mar/2019:09:30:57 +0300] "GET /icingaweb2/monitoring/list/hosts?host_state%3E0&host_state%3C=2&host_state_type=0&addColumns=host_last_check&format=json HTTP/1.1" 200 381 "http://192.168.222.190/icingaweb2/icingaweb2/monitoring" "Nagstamon/3.2.1/Windows"
192.168.222.13 - admin [25/Mar/2019:09:30:57 +0300] "GET /icingaweb2/monitoring/list/services?service_state%3E0&service_state%3C=3&service_state_type=1&addColumns=service_last_check&format=json HTTP/1.1" 200 384 "http://192.168.222.190/icingaweb2/icingaweb2/monitoring" "Nagstamon/3.2.1/Windows"
192.168.222.13 - admin [25/Mar/2019:09:30:57 +0300] "GET /icingaweb2/monitoring/list/services?service_state%3E0&service_state%3C=3&service_state_type=0&addColumns=service_last_check&format=json HTTP/1.1" 200 384 "http://192.168.222.190/icingaweb2/icingaweb2/monitoring" "Nagstamon/3.2.1/Windows"
192.168.222.111 - - [25/Mar/2019:09:31:00 +0300] "GET /icingaweb2/application-state HTTP/1.1" 200 391 "http://192.168.222.190/icingaweb2/dashboard" "Mozilla/5.0 (X11; Ubuntu; Linux x86_64; rv:51.0) Gecko/20100101 Firefox/51.0"
192.168.222.13 - - [25/Mar/2019:09:31:01 +0300] "GET /icingaweb2/layout/menu?url=%2Ficingaweb2%2Fconfig%2Fmodules HTTP/1.1" 200 1723 "http://192.168.222.190/icingaweb2/config/modules" "Mozilla/5.0 (Windows NT 10.0; Win64; x64) AppleWebKit/537.36 (KHTML, like Gecko) Chrome/72.0.3626.121 Safari/537.36"
192.168.222.13 - - [25/Mar/2019:09:31:01 +0300] "GET /icingaweb2/application-state HTTP/1.1" 200 390 "http://192.168.222.190/icingaweb2/monitoring/list/hosts" "Mozilla/5.0 (Windows NT 10.0; Win64; x64) AppleWebKit/537.36 (KHTML, like Gecko) Chrome/72.0.3626.121 Safari/537.36"
127.0.0.1 - - [25/Mar/2019:09:31:03 +0300] "GET / HTTP/1.0" 200 10975 "-" "check_http/v2.2 (monitoring-plugins 2.2)"
192.168.222.13 - - [25/Mar/2019:09:31:16 +0300] "GET /icingaweb2/application-state HTTP/1.1" 200 391 "http://192.168.222.190/icingaweb2/config/modules" "Mozilla/5.0 (Windows NT 10.0; Win64; x64) AppleWebKit/537.36 (KHTML, like Gecko) Chrome/72.0.3626.121 Safari/537.36"
192.168.222.13 - - [25/Mar/2019:09:31:16 +0300] "GET /icingaweb2/layout/menu?url=%2Ficingaweb2%2Fconfig%2Fmodules HTTP/1.1" 200 1722 "http://192.168.222.190/icingaweb2/config/modules" "Mozilla/5.0 (Windows NT 10.0; Win64; x64) AppleWebKit/537.36 (KHTML, like Gecko) Chrome/72.0.3626.121 Safari/537.36"
192.168.222.13 - - [25/Mar/2019:09:31:29 +0300] "GET /icingaweb2/application-state/summary HTTP/1.1" 200 426 "http://192.168.222.190/icingaweb2/config/modules" "Mozilla/5.0 (Windows NT 10.0; Win64; x64) AppleWebKit/537.36 (KHTML, like Gecko) Chrome/72.0.3626.121 Safari/537.36"
192.168.222.13 - - [25/Mar/2019:09:31:31 +0300] "GET /icingaweb2/layout/menu?url=%2Ficingaweb2%2Fconfig%2Fmodules HTTP/1.1" 200 1722 "http://192.168.222.190/icingaweb2/config/modules" "Mozilla/5.0 (Windows NT 10.0; Win64; x64) AppleWebKit/537.36 (KHTML, like Gecko) Chrome/72.0.3626.121 Safari/537.36"
192.168.222.13 - - [25/Mar/2019:09:31:40 +0300] "POST /icingaweb2/grafana/config HTTP/1.1" 200 457 "http://192.168.222.190/icingaweb2/config/modules" "Mozilla/5.0 (Windows NT 10.0; Win64; x64) AppleWebKit/537.36 (KHTML, like Gecko) Chrome/72.0.3626.121 Safari/537.36"
192.168.222.13 - - [25/Mar/2019:09:31:40 +0300] "GET /icingaweb2/grafana/config HTTP/1.1" 200 2912 "http://192.168.222.190/icingaweb2/config/modules" "Mozilla/5.0 (Windows NT 10.0; Win64; x64) AppleWebKit/537.36 (KHTML, like Gecko) Chrome/72.0.3626.121 Safari/537.36"
192.168.222.13 - - [25/Mar/2019:09:31:47 +0300] "GET /icingaweb2/layout/menu?url=%2Ficingaweb2%2Fconfig%2Fmodules HTTP/1.1" 200 1723 "http://192.168.222.190/icingaweb2/config/modules" "Mozilla/5.0 (Windows NT 10.0; Win64; x64) AppleWebKit/537.36 (KHTML, like Gecko) Chrome/72.0.3626.121 Safari/537.36"
192.168.222.13 - - [25/Mar/2019:09:31:49 +0300] "GET /icingaweb2/navigation/dashboard?name=overview HTTP/1.1" 200 1023 "http://192.168.222.190/icingaweb2/config/modules" "Mozilla/5.0 (Windows NT 10.0; Win64; x64) AppleWebKit/537.36 (KHTML, like Gecko) Chrome/72.0.3626.121 Safari/537.36"
192.168.222.13 - - [25/Mar/2019:09:31:51 +0300] "GET /icingaweb2/monitoring/list/hosts HTTP/1.1" 200 4109 "http://192.168.222.190/icingaweb2/navigation/dashboard?name=overview" "Mozilla/5.0 (Windows NT 10.0; Win64; x64) AppleWebKit/537.36 (KHTML, like Gecko) Chrome/72.0.3626.121 Safari/537.36"
192.168.222.13 - - [25/Mar/2019:09:31:52 +0300] "GET /icingaweb2/monitoring/host/show?host=asa HTTP/1.1" 200 5197 "http://192.168.222.190/icingaweb2/monitoring/list/hosts" "Mozilla/5.0 (Windows NT 10.0; Win64; x64) AppleWebKit/537.36 (KHTML, like Gecko) Chrome/72.0.3626.121 Safari/537.36"
192.168.222.13 - - [25/Mar/2019:09:31:54 +0300] "POST /icingaweb2/monitoring/host/show?host=asa HTTP/1.1" 200 462 "http://192.168.222.190/icingaweb2/monitoring/list/hosts" "Mozilla/5.0 (Windows NT 10.0; Win64; x64) AppleWebKit/537.36 (KHTML, like Gecko) Chrome/72.0.3626.121 Safari/537.36"
192.168.222.13 - - [25/Mar/2019:09:31:54 +0300] "GET /icingaweb2/monitoring/host/show?host=asa HTTP/1.1" 200 5198 "http://192.168.222.190/icingaweb2/monitoring/list/hosts" "Mozilla/5.0 (Windows NT 10.0; Win64; x64) AppleWebKit/537.36 (KHTML, like Gecko) Chrome/72.0.3626.121 Safari/537.36"
192.168.222.13 - - [25/Mar/2019:09:31:56 +0300] "GET /icingaweb2/monitoring/host/show?host=asa HTTP/1.1" 200 5195 "http://192.168.222.190/icingaweb2/monitoring/list/hosts" "Mozilla/5.0 (Windows NT 10.0; Win64; x64) AppleWebKit/537.36 (KHTML, like Gecko) Chrome/72.0.3626.121 Safari/537.36"
192.168.222.13 - - [25/Mar/2019:09:31:56 +0300] "GET /icingaweb2/monitoring/host/show?host=asa HTTP/1.1" 200 5195 "http://192.168.222.190/icingaweb2/monitoring/list/hosts" "Mozilla/5.0 (Windows NT 10.0; Win64; x64) AppleWebKit/537.36 (KHTML, like Gecko) Chrome/72.0.3626.121 Safari/537.36"
192.168.222.13 - admin [25/Mar/2019:09:31:57 +0300] "GET /icingaweb2/monitoring/list/hosts?host_state%3E0&host_state%3C=2&host_state_type=1&addColumns=host_last_check&format=json HTTP/1.1" 200 891 "http://192.168.222.190/icingaweb2/icingaweb2/monitoring" "Nagstamon/3.2.1/Windows"
192.168.222.13 - admin [25/Mar/2019:09:31:57 +0300] "GET /icingaweb2/monitoring/list/hosts?host_state%3E0&host_state%3C=2&host_state_type=0&addColumns=host_last_check&format=json HTTP/1.1" 200 381 "http://192.168.222.190/icingaweb2/icingaweb2/monitoring" "Nagstamon/3.2.1/Windows"
192.168.222.13 - admin [25/Mar/2019:09:31:57 +0300] "GET /icingaweb2/monitoring/list/services?service_state%3E0&service_state%3C=3&service_state_type=1&addColumns=service_last_check&format=json HTTP/1.1" 200 384 "http://192.168.222.190/icingaweb2/icingaweb2/monitoring" "Nagstamon/3.2.1/Windows"
192.168.222.13 - admin [25/Mar/2019:09:31:57 +0300] "GET /icingaweb2/monitoring/list/services?service_state%3E0&service_state%3C=3&service_state_type=0&addColumns=service_last_check&format=json HTTP/1.1" 200 384 "http://192.168.222.190/icingaweb2/icingaweb2/monitoring" "Nagstamon/3.2.1/Windows"
192.168.222.13 - - [25/Mar/2019:09:31:58 +0300] "GET /icingaweb2/monitoring/list/hosts HTTP/1.1" 200 6599 "http://192.168.222.190/icingaweb2/config/resource" "Mozilla/5.0 (Windows NT 10.0; Win64; x64) AppleWebKit/537.36 (KHTML, like Gecko) Chrome/72.0.3626.121 Safari/537.36"
192.168.222.13 - - [25/Mar/2019:09:31:58 +0300] "GET /icingaweb2/js/icinga.min.js HTTP/1.1" 304 216 "http://192.168.222.190/icingaweb2/monitoring/list/hosts" "Mozilla/5.0 (Windows NT 10.0; Win64; x64) AppleWebKit/537.36 (KHTML, like Gecko) Chrome/72.0.3626.121 Safari/537.36"
192.168.222.13 - - [25/Mar/2019:09:31:58 +0300] "GET /icingaweb2/css/icinga.min.css HTTP/1.1" 304 217 "http://192.168.222.190/icingaweb2/monitoring/list/hosts" "Mozilla/5.0 (Windows NT 10.0; Win64; x64) AppleWebKit/537.36 (KHTML, like Gecko) Chrome/72.0.3626.121 Safari/537.36"
