192.168.222.13 - - [25/Mar/2019:09:31:59 +0300] "GET /icingaweb2/img/favicon.png HTTP/1.1" 200 677 "http://192.168.222.190/icingaweb2/monitoring/list/hosts" "Mozilla/5.0 (Windows NT 10.0; Win64; x64) AppleWebKit/537.36 (KHTML, like Gecko) Chrome/72.0.3626.121 Safari/537.36"
192.168.222.13 - - [25/Mar/2019:09:31:58 +0300] "GET /icingaweb2/monitoring/host/show?host=asa HTTP/1.1" 200 5199 "http://192.168.222.190/icingaweb2/monitoring/list/hosts" "Mozilla/5.0 (Windows NT 10.0; Win64; x64) AppleWebKit/537.36 (KHTML, like Gecko) Chrome/72.0.3626.121 Safari/537.36"
192.168.222.13 - - [25/Mar/2019:09:31:59 +0300] "GET /icingaweb2/application-state/summary HTTP/1.1" 200 425 "http://192.168.222.190/icingaweb2/monitoring/list/hosts" "Mozilla/5.0 (Windows NT 10.0; Win64; x64) AppleWebKit/537.36 (KHTML, like Gecko) Chrome/72.0.3626.121 Safari/537.36"
192.168.222.13 - - [25/Mar/2019:09:31:59 +0300] "GET /icingaweb2/layout/menu HTTP/1.1" 200 1722 "http://192.168.222.190/icingaweb2/monitoring/list/hosts" "Mozilla/5.0 (Windows NT 10.0; Win64; x64) AppleWebKit/537.36 (KHTML, like Gecko) Chrome/72.0.3626.121 Safari/537.36"
192.168.222.111 - - [25/Mar/2019:09:32:01 +0300] "GET /icingaweb2/application-state HTTP/1.1" 200 463 "http://192.168.222.190/icingaweb2/dashboard" "Mozilla/5.0 (X11; Ubuntu; Linux x86_64; rv:51.0) Gecko/20100101 Firefox/51.0"
192.168.222.13 - - [25/Mar/2019:09:32:02 +0300] "GET /icingaweb2/application-state HTTP/1.1" 200 390 "http://192.168.222.190/icingaweb2/monitoring/list/hosts" "Mozilla/5.0 (Windows NT 10.0; Win64; x64) AppleWebKit/537.36 (KHTML, like Gecko) Chrome/72.0.3626.121 Safari/537.36"
127.0.0.1 - - [25/Mar/2019:09:32:03 +0300] "GET / HTTP/1.0" 200 10975 "-" "check_http/v2.2 (monitoring-plugins 2.2)"
192.168.222.13 - - [25/Mar/2019:09:32:09 +0300] "GET /icingaweb2/monitoring/host/show?host=asa HTTP/1.1" 200 5200 "http://192.168.222.190/icingaweb2/monitoring/list/hosts" "Mozilla/5.0 (Windows NT 10.0; Win64; x64) AppleWebKit/537.36 (KHTML, like Gecko) Chrome/72.0.3626.121 Safari/537.36"
192.168.222.13 - - [25/Mar/2019:09:32:09 +0300] "GET /icingaweb2/monitoring/list/hosts HTTP/1.1" 200 4112 "http://192.168.222.190/icingaweb2/monitoring/list/hosts" "Mozilla/5.0 (Windows NT 10.0; Win64; x64) AppleWebKit/537.36 (KHTML, like Gecko) Chrome/72.0.3626.121 Safari/537.36"
192.168.222.13 - - [25/Mar/2019:09:32:15 +0300] "GET /icingaweb2/layout/menu HTTP/1.1" 200 1723 "http://192.168.222.190/icingaweb2/monitoring/list/hosts" "Mozilla/5.0 (Windows NT 10.0; Win64; x64) AppleWebKit/537.36 (KHTML, like Gecko) Chrome/72.0.3626.121 Safari/537.36"
192.168.222.13 - - [25/Mar/2019:09:32:19 +0300] "GET /icingaweb2/monitoring/host/show?host=asa HTTP/1.1" 200 5200 "http://192.168.222.190/icingaweb2/monitoring/list/hosts" "Mozilla/5.0 (Windows NT 10.0; Win64; x64) AppleWebKit/537.36 (KHTML, like Gecko) Chrome/72.0.3626.121 Safari/537.36"
192.168.222.13 - - [25/Mar/2019:09:32:20 +0300] "GET /icingaweb2/monitoring/list/hosts HTTP/1.1" 200 4113 "http://192.168.222.190/icingaweb2/monitoring/list/hosts" "Mozilla/5.0 (Windows NT 10.0; Win64; x64) AppleWebKit/537.36 (KHTML, like Gecko) Chrome/72.0.3626.121 Safari/537.36"
192.168.222.13 - - [25/Mar/2019:09:32:30 +0300] "GET /icingaweb2/layout/menu HTTP/1.1" 200 1723 "http://192.168.222.190/icingaweb2/monitoring/list/hosts" "Mozilla/5.0 (Windows NT 10.0; Win64; x64) AppleWebKit/537.36 (KHTML, like Gecko) Chrome/72.0.3626.121 Safari/537.36"
192.168.222.13 - - [25/Mar/2019:09:32:30 +0300] "GET /icingaweb2/monitoring/host/show?host=asa HTTP/1.1" 200 5198 "http://192.168.222.190/icingaweb2/monitoring/list/hosts" "Mozilla/5.0 (Windows NT 10.0; Win64; x64) AppleWebKit/537.36 (KHTML, like Gecko) Chrome/72.0.3626.121 Safari/537.36"
192.168.222.13 - - [25/Mar/2019:09:32:30 +0300] "GET /icingaweb2/monitoring/list/hosts HTTP/1.1" 200 4106 "http://192.168.222.190/icingaweb2/monitoring/list/hosts" "Mozilla/5.0 (Windows NT 10.0; Win64; x64) AppleWebKit/537.36 (KHTML, like Gecko) Chrome/72.0.3626.121 Safari/537.36"
192.168.222.13 - - [25/Mar/2019:09:32:40 +0300] "GET /icingaweb2/monitoring/host/show?host=asa HTTP/1.1" 200 5199 "http://192.168.222.190/icingaweb2/monitoring/list/hosts" "Mozilla/5.0 (Windows NT 10.0; Win64; x64) AppleWebKit/537.36 (KHTML, like Gecko) Chrome/72.0.3626.121 Safari/537.36"
192.168.222.13 - - [25/Mar/2019:09:32:41 +0300] "GET /icingaweb2/monitoring/list/hosts HTTP/1.1" 200 4104 "http://192.168.222.190/icingaweb2/monitoring/list/hosts" "Mozilla/5.0 (Windows NT 10.0; Win64; x64) AppleWebKit/537.36 (KHTML, like Gecko) Chrome/72.0.3626.121 Safari/537.36"
192.168.222.13 - - [25/Mar/2019:09:32:45 +0300] "GET /icingaweb2/layout/menu HTTP/1.1" 200 1722 "http://192.168.222.190/icingaweb2/monitoring/list/hosts" "Mozilla/5.0 (Windows NT 10.0; Win64; x64) AppleWebKit/537.36 (KHTML, like Gecko) Chrome/72.0.3626.121 Safari/537.36"
192.168.222.13 - - [25/Mar/2019:09:32:51 +0300] "GET /icingaweb2/monitoring/host/show?host=asa HTTP/1.1" 200 5198 "http://192.168.222.190/icingaweb2/monitoring/list/hosts" "Mozilla/5.0 (Windows NT 10.0; Win64; x64) AppleWebKit/537.36 (KHTML, like Gecko) Chrome/72.0.3626.121 Safari/537.36"
192.168.222.13 - - [25/Mar/2019:09:32:51 +0300] "GET /icingaweb2/monitoring/list/hosts HTTP/1.1" 200 4099 "http://192.168.222.190/icingaweb2/monitoring/list/hosts" "Mozilla/5.0 (Windows NT 10.0; Win64; x64) AppleWebKit/537.36 (KHTML, like Gecko) Chrome/72.0.3626.121 Safari/537.36"
192.168.222.13 - admin [25/Mar/2019:09:32:57 +0300] "GET /icingaweb2/monitoring/list/hosts?host_state%3E0&host_state%3C=2&host_state_type=1&addColumns=host_last_check&format=json HTTP/1.1" 200 891 "http://192.168.222.190/icingaweb2/icingaweb2/monitoring" "Nagstamon/3.2.1/Windows"
192.168.222.13 - admin [25/Mar/2019:09:32:57 +0300] "GET /icingaweb2/monitoring/list/hosts?host_state%3E0&host_state%3C=2&host_state_type=0&addColumns=host_last_check&format=json HTTP/1.1" 200 381 "http://192.168.222.190/icingaweb2/icingaweb2/monitoring" "Nagstamon/3.2.1/Windows"
192.168.222.13 - admin [25/Mar/2019:09:32:57 +0300] "GET /icingaweb2/monitoring/list/services?service_state%3E0&service_state%3C=3&service_state_type=1&addColumns=service_last_check&format=json HTTP/1.1" 200 384 "http://192.168.222.190/icingaweb2/icingaweb2/monitoring" "Nagstamon/3.2.1/Windows"
192.168.222.13 - admin [25/Mar/2019:09:32:57 +0300] "GET /icingaweb2/monitoring/list/services?service_state%3E0&service_state%3C=3&service_state_type=0&addColumns=service_last_check&format=json HTTP/1.1" 200 384 "http://192.168.222.190/icingaweb2/icingaweb2/monitoring" "Nagstamon/3.2.1/Windows"
192.168.222.13 - - [25/Mar/2019:09:33:00 +0300] "GET /icingaweb2/application-state HTTP/1.1" 200 463 "http://192.168.222.190/icingaweb2/monitoring/list/hosts" "Mozilla/5.0 (Windows NT 10.0; Win64; x64) AppleWebKit/537.36 (KHTML, like Gecko) Chrome/72.0.3626.121 Safari/537.36"
192.168.222.13 - - [25/Mar/2019:09:33:00 +0300] "GET /icingaweb2/application-state/summary HTTP/1.1" 200 426 "http://192.168.222.190/icingaweb2/monitoring/list/hosts" "Mozilla/5.0 (Windows NT 10.0; Win64; x64) AppleWebKit/537.36 (KHTML, like Gecko) Chrome/72.0.3626.121 Safari/537.36"
192.168.222.13 - - [25/Mar/2019:09:33:01 +0300] "GET /icingaweb2/layout/menu HTTP/1.1" 200 1722 "http://192.168.222.190/icingaweb2/monitoring/list/hosts" "Mozilla/5.0 (Windows NT 10.0; Win64; x64) AppleWebKit/537.36 (KHTML, like Gecko) Chrome/72.0.3626.121 Safari/537.36"
192.168.222.13 - - [25/Mar/2019:09:33:01 +0300] "GET /icingaweb2/monitoring/host/show?host=asa HTTP/1.1" 200 5196 "http://192.168.222.190/icingaweb2/monitoring/list/hosts" "Mozilla/5.0 (Windows NT 10.0; Win64; x64) AppleWebKit/537.36 (KHTML, like Gecko) Chrome/72.0.3626.121 Safari/537.36"
192.168.222.111 - - [25/Mar/2019:09:33:01 +0300] "GET /icingaweb2/application-state HTTP/1.1" 200 391 "http://192.168.222.190/icingaweb2/dashboard" "Mozilla/5.0 (X11; Ubuntu; Linux x86_64; rv:51.0) Gecko/20100101 Firefox/51.0"
192.168.222.13 - - [25/Mar/2019:09:33:02 +0300] "GET /icingaweb2/monitoring/list/hosts HTTP/1.1" 200 4111 "http://192.168.222.190/icingaweb2/monitoring/list/hosts" "Mozilla/5.0 (Windows NT 10.0; Win64; x64) AppleWebKit/537.36 (KHTML, like Gecko) Chrome/72.0.3626.121 Safari/537.36"
127.0.0.1 - - [25/Mar/2019:09:33:03 +0300] "GET / HTTP/1.0" 200 10975 "-" "check_http/v2.2 (monitoring-plugins 2.2)"
192.168.222.13 - - [25/Mar/2019:09:33:03 +0300] "GET /icingaweb2/application-state HTTP/1.1" 200 390 "http://192.168.222.190/icingaweb2/monitoring/list/hosts" "Mozilla/5.0 (Windows NT 10.0; Win64; x64) AppleWebKit/537.36 (KHTML, like Gecko) Chrome/72.0.3626.121 Safari/537.36"
192.168.222.13 - - [25/Mar/2019:09:33:12 +0300] "GET /icingaweb2/monitoring/host/show?host=asa HTTP/1.1" 200 5200 "http://192.168.222.190/icingaweb2/monitoring/list/hosts" "Mozilla/5.0 (Windows NT 10.0; Win64; x64) AppleWebKit/537.36 (KHTML, like Gecko) Chrome/72.0.3626.121 Safari/537.36"
192.168.222.13 - - [25/Mar/2019:09:33:12 +0300] "GET /icingaweb2/monitoring/list/hosts HTTP/1.1" 200 4107 "http://192.168.222.190/icingaweb2/monitoring/list/hosts" "Mozilla/5.0 (Windows NT 10.0; Win64; x64) AppleWebKit/537.36 (KHTML, like Gecko) Chrome/72.0.3626.121 Safari/537.36"
192.168.222.13 - - [25/Mar/2019:09:33:16 +0300] "GET /icingaweb2/layout/menu HTTP/1.1" 200 1722 "http://192.168.222.190/icingaweb2/monitoring/list/hosts" "Mozilla/5.0 (Windows NT 10.0; Win64; x64) AppleWebKit/537.36 (KHTML, like Gecko) Chrome/72.0.3626.121 Safari/537.36"
192.168.222.13 - - [25/Mar/2019:09:33:18 +0300] "GET /icingaweb2/navigation/dashboard?name=system HTTP/1.1" 200 874 "http://192.168.222.190/icingaweb2/monitoring/list/hosts" "Mozilla/5.0 (Windows NT 10.0; Win64; x64) AppleWebKit/537.36 (KHTML, like Gecko) Chrome/72.0.3626.121 Safari/537.36"
192.168.222.13 - - [25/Mar/2019:09:33:20 +0300] "GET /icingaweb2/about HTTP/1.1" 200 1485 "http://192.168.222.190/icingaweb2/navigation/dashboard?name=system" "Mozilla/5.0 (Windows NT 10.0; Win64; x64) AppleWebKit/537.36 (KHTML, like Gecko) Chrome/72.0.3626.121 Safari/537.36"
192.168.222.13 - - [25/Mar/2019:09:33:24 +0300] "GET /icingaweb2/config/module/?name=director HTTP/1.1" 200 1762 "http://192.168.222.190/icingaweb2/about" "Mozilla/5.0 (Windows NT 10.0; Win64; x64) AppleWebKit/537.36 (KHTML, like Gecko) Chrome/72.0.3626.121 Safari/537.36"
192.168.222.13 - - [25/Mar/2019:09:33:32 +0300] "GET /icingaweb2/layout/menu?url=%2Ficingaweb2%2Fnavigation%2Fdashboard%3Fname%3Dsystem HTTP/1.1" 200 1723 "http://192.168.222.190/icingaweb2/about" "Mozilla/5.0 (Windows NT 10.0; Win64; x64) AppleWebKit/537.36 (KHTML, like Gecko) Chrome/72.0.3626.121 Safari/537.36"
192.168.222.13 - - [25/Mar/2019:09:33:47 +0300] "GET /icingaweb2/layout/menu?url=%2Ficingaweb2%2Fnavigation%2Fdashboard%3Fname%3Dsystem HTTP/1.1" 200 1723 "http://192.168.222.190/icingaweb2/about" "Mozilla/5.0 (Windows NT 10.0; Win64; x64) AppleWebKit/537.36 (KHTML, like Gecko) Chrome/72.0.3626.121 Safari/537.36"
192.168.222.13 - - [25/Mar/2019:09:33:50 +0300] "GET /icingaweb2/config/module/?name=director HTTP/1.1" 200 1758 "http://192.168.222.190/icingaweb2/about" "Mozilla/5.0 (Windows NT 10.0; Win64; x64) AppleWebKit/537.36 (KHTML, like Gecko) Chrome/72.0.3626.121 Safari/537.36"
192.168.222.13 - admin [25/Mar/2019:09:33:57 +0300] "GET /icingaweb2/monitoring/list/hosts?host_state%3E0&host_state%3C=2&host_state_type=1&addColumns=host_last_check&format=json HTTP/1.1" 200 891 "http://192.168.222.190/icingaweb2/icingaweb2/monitoring" "Nagstamon/3.2.1/Windows"
192.168.222.13 - admin [25/Mar/2019:09:33:57 +0300] "GET /icingaweb2/monitoring/list/hosts?host_state%3E0&host_state%3C=2&host_state_type=0&addColumns=host_last_check&format=json HTTP/1.1" 200 381 "http://192.168.222.190/icingaweb2/icingaweb2/monitoring" "Nagstamon/3.2.1/Windows"
192.168.222.13 - admin [25/Mar/2019:09:33:57 +0300] "GET /icingaweb2/monitoring/list/services?service_state%3E0&service_state%3C=3&service_state_type=1&addColumns=service_last_check&format=json HTTP/1.1" 200 384 "http://192.168.222.190/icingaweb2/icingaweb2/monitoring" "Nagstamon/3.2.1/Windows"
192.168.222.13 - admin [25/Mar/2019:09:33:57 +0300] "GET /icingaweb2/monitoring/list/services?service_state%3E0&service_state%3C=3&service_state_type=0&addColumns=service_last_check&format=json HTTP/1.1" 200 384 "http://192.168.222.190/icingaweb2/icingaweb2/monitoring" "Nagstamon/3.2.1/Windows"
192.168.222.13 - - [25/Mar/2019:09:34:00 +0300] "GET /icingaweb2/application-state HTTP/1.1" 200 391 "http://192.168.222.190/icingaweb2/about" "Mozilla/5.0 (Windows NT 10.0; Win64; x64) AppleWebKit/537.36 (KHTML, like Gecko) Chrome/72.0.3626.121 Safari/537.36"
192.168.222.13 - - [25/Mar/2019:09:34:00 +0300] "GET /icingaweb2/application-state/summary HTTP/1.1" 200 425 "http://192.168.222.190/icingaweb2/about" "Mozilla/5.0 (Windows NT 10.0; Win64; x64) AppleWebKit/537.36 (KHTML, like Gecko) Chrome/72.0.3626.121 Safari/537.36"
192.168.222.111 - - [25/Mar/2019:09:34:02 +0300] "GET /icingaweb2/application-state HTTP/1.1" 200 391 "http://192.168.222.190/icingaweb2/dashboard" "Mozilla/5.0 (X11; Ubuntu; Linux x86_64; rv:51.0) Gecko/20100101 Firefox/51.0"
192.168.222.13 - - [25/Mar/2019:09:34:02 +0300] "GET /icingaweb2/layout/menu?url=%2Ficingaweb2%2Fnavigation%2Fdashboard%3Fname%3Dsystem HTTP/1.1" 200 1722 "http://192.168.222.190/icingaweb2/about" "Mozilla/5.0 (Windows NT 10.0; Win64; x64) AppleWebKit/537.36 (KHTML, like Gecko) Chrome/72.0.3626.121 Safari/537.36"
127.0.0.1 - - [25/Mar/2019:09:34:03 +0300] "GET / HTTP/1.0" 200 10975 "-" "check_http/v2.2 (monitoring-plugins 2.2)"
192.168.222.13 - - [25/Mar/2019:09:34:04 +0300] "GET /icingaweb2/application-state HTTP/1.1" 200 390 "http://192.168.222.190/icingaweb2/monitoring/list/hosts" "Mozilla/5.0 (Windows NT 10.0; Win64; x64) AppleWebKit/537.36 (KHTML, like Gecko) Chrome/72.0.3626.121 Safari/537.36"
192.168.222.13 - - [25/Mar/2019:09:34:08 +0300] "GET /icingaweb2/config/module/?name=grafana HTTP/1.1" 200 1694 "http://192.168.222.190/icingaweb2/about" "Mozilla/5.0 (Windows NT 10.0; Win64; x64) AppleWebKit/537.36 (KHTML, like Gecko) Chrome/72.0.3626.121 Safari/537.36"
192.168.222.13 - - [25/Mar/2019:09:34:18 +0300] "GET /icingaweb2/layout/menu?url=%2Ficingaweb2%2Fnavigation%2Fdashboard%3Fname%3Dsystem HTTP/1.1" 200 1723 "http://192.168.222.190/icingaweb2/about" "Mozilla/5.0 (Windows NT 10.0; Win64; x64) AppleWebKit/537.36 (KHTML, like Gecko) Chrome/72.0.3626.121 Safari/537.36"
192.168.222.13 - - [25/Mar/2019:09:34:33 +0300] "GET /icingaweb2/layout/menu?url=%2Ficingaweb2%2Fnavigation%2Fdashboard%3Fname%3Dsystem HTTP/1.1" 200 1723 "http://192.168.222.190/icingaweb2/about" "Mozilla/5.0 (Windows NT 10.0; Win64; x64) AppleWebKit/537.36 (KHTML, like Gecko) Chrome/72.0.3626.121 Safari/537.36"
192.168.222.13 - - [25/Mar/2019:09:34:49 +0300] "GET /icingaweb2/layout/menu?url=%2Ficingaweb2%2Fnavigation%2Fdashboard%3Fname%3Dsystem HTTP/1.1" 200 1723 "http://192.168.222.190/icingaweb2/about" "Mozilla/5.0 (Windows NT 10.0; Win64; x64) AppleWebKit/537.36 (KHTML, like Gecko) Chrome/72.0.3626.121 Safari/537.36"
192.168.222.13 - admin [25/Mar/2019:09:34:57 +0300] "GET /icingaweb2/monitoring/list/hosts?host_state%3E0&host_state%3C=2&host_state_type=1&addColumns=host_last_check&format=json HTTP/1.1" 200 891 "http://192.168.222.190/icingaweb2/icingaweb2/monitoring" "Nagstamon/3.2.1/Windows"
192.168.222.13 - admin [25/Mar/2019:09:34:57 +0300] "GET /icingaweb2/monitoring/list/hosts?host_state%3E0&host_state%3C=2&host_state_type=0&addColumns=host_last_check&format=json HTTP/1.1" 200 381 "http://192.168.222.190/icingaweb2/icingaweb2/monitoring" "Nagstamon/3.2.1/Windows"
192.168.222.13 - admin [25/Mar/2019:09:34:57 +0300] "GET /icingaweb2/monitoring/list/services?service_state%3E0&service_state%3C=3&service_state_type=1&addColumns=service_last_check&format=json HTTP/1.1" 200 384 "http://192.168.222.190/icingaweb2/icingaweb2/monitoring" "Nagstamon/3.2.1/Windows"
192.168.222.13 - admin [25/Mar/2019:09:34:57 +0300] "GET /icingaweb2/monitoring/list/services?service_state%3E0&service_state%3C=3&service_state_type=0&addColumns=service_last_check&format=json HTTP/1.1" 200 384 "http://192.168.222.190/icingaweb2/icingaweb2/monitoring" "Nagstamon/3.2.1/Windows"
192.168.222.13 - - [25/Mar/2019:09:35:00 +0300] "GET /icingaweb2/application-state HTTP/1.1" 200 391 "http://192.168.222.190/icingaweb2/about" "Mozilla/5.0 (Windows NT 10.0; Win64; x64) AppleWebKit/537.36 (KHTML, like Gecko) Chrome/72.0.3626.121 Safari/537.36"
192.168.222.111 - - [25/Mar/2019:09:35:02 +0300] "GET /icingaweb2/application-state HTTP/1.1" 200 391 "http://192.168.222.190/icingaweb2/dashboard" "Mozilla/5.0 (X11; Ubuntu; Linux x86_64; rv:51.0) Gecko/20100101 Firefox/51.0"
127.0.0.1 - - [25/Mar/2019:09:35:03 +0300] "GET / HTTP/1.0" 200 10975 "-" "check_http/v2.2 (monitoring-plugins 2.2)"
192.168.222.13 - - [25/Mar/2019:09:35:05 +0300] "GET /icingaweb2/application-state HTTP/1.1" 200 390 "http://192.168.222.190/icingaweb2/monitoring/list/hosts" "Mozilla/5.0 (Windows NT 10.0; Win64; x64) AppleWebKit/537.36 (KHTML, like Gecko) Chrome/72.0.3626.121 Safari/537.36"
192.168.222.13 - admin [25/Mar/2019:09:35:57 +0300] "GET /icingaweb2/monitoring/list/hosts?host_state%3E0&host_state%3C=2&host_state_type=1&addColumns=host_last_check&format=json HTTP/1.1" 200 891 "http://192.168.222.190/icingaweb2/icingaweb2/monitoring" "Nagstamon/3.2.1/Windows"
192.168.222.13 - admin [25/Mar/2019:09:35:58 +0300] "GET /icingaweb2/monitoring/list/hosts?host_state%3E0&host_state%3C=2&host_state_type=0&addColumns=host_last_check&format=json HTTP/1.1" 200 381 "http://192.168.222.190/icingaweb2/icingaweb2/monitoring" "Nagstamon/3.2.1/Windows"
192.168.222.13 - admin [25/Mar/2019:09:35:58 +0300] "GET /icingaweb2/monitoring/list/services?service_state%3E0&service_state%3C=3&service_state_type=1&addColumns=service_last_check&format=json HTTP/1.1" 200 384 "http://192.168.222.190/icingaweb2/icingaweb2/monitoring" "Nagstamon/3.2.1/Windows"
192.168.222.13 - admin [25/Mar/2019:09:35:58 +0300] "GET /icingaweb2/monitoring/list/services?service_state%3E0&service_state%3C=3&service_state_type=0&addColumns=service_last_check&format=json HTTP/1.1" 200 384 "http://192.168.222.190/icingaweb2/icingaweb2/monitoring" "Nagstamon/3.2.1/Windows"
192.168.222.13 - - [25/Mar/2019:09:36:01 +0300] "GET /icingaweb2/application-state HTTP/1.1" 200 391 "http://192.168.222.190/icingaweb2/about" "Mozilla/5.0 (Windows NT 10.0; Win64; x64) AppleWebKit/537.36 (KHTML, like Gecko) Chrome/72.0.3626.121 Safari/537.36"
127.0.0.1 - - [25/Mar/2019:09:36:03 +0300] "GET / HTTP/1.0" 200 10975 "-" "check_http/v2.2 (monitoring-plugins 2.2)"
192.168.222.111 - - [25/Mar/2019:09:36:03 +0300] "GET /icingaweb2/application-state HTTP/1.1" 200 391 "http://192.168.222.190/icingaweb2/dashboard" "Mozilla/5.0 (X11; Ubuntu; Linux x86_64; rv:51.0) Gecko/20100101 Firefox/51.0"
192.168.222.13 - - [25/Mar/2019:09:36:06 +0300] "GET /icingaweb2/application-state HTTP/1.1" 200 390 "http://192.168.222.190/icingaweb2/monitoring/list/hosts" "Mozilla/5.0 (Windows NT 10.0; Win64; x64) AppleWebKit/537.36 (KHTML, like Gecko) Chrome/72.0.3626.121 Safari/537.36"
192.168.222.13 - admin [25/Mar/2019:09:36:58 +0300] "GET /icingaweb2/monitoring/list/hosts?host_state%3E0&host_state%3C=2&host_state_type=1&addColumns=host_last_check&format=json HTTP/1.1" 200 891 "http://192.168.222.190/icingaweb2/icingaweb2/monitoring" "Nagstamon/3.2.1/Windows"
192.168.222.13 - admin [25/Mar/2019:09:36:58 +0300] "GET /icingaweb2/monitoring/list/hosts?host_state%3E0&host_state%3C=2&host_state_type=0&addColumns=host_last_check&format=json HTTP/1.1" 200 381 "http://192.168.222.190/icingaweb2/icingaweb2/monitoring" "Nagstamon/3.2.1/Windows"
192.168.222.13 - admin [25/Mar/2019:09:36:58 +0300] "GET /icingaweb2/monitoring/list/services?service_state%3E0&service_state%3C=3&service_state_type=1&addColumns=service_last_check&format=json HTTP/1.1" 200 384 "http://192.168.222.190/icingaweb2/icingaweb2/monitoring" "Nagstamon/3.2.1/Windows"
192.168.222.13 - admin [25/Mar/2019:09:36:58 +0300] "GET /icingaweb2/monitoring/list/services?service_state%3E0&service_state%3C=3&service_state_type=0&addColumns=service_last_check&format=json HTTP/1.1" 200 384 "http://192.168.222.190/icingaweb2/icingaweb2/monitoring" "Nagstamon/3.2.1/Windows"
192.168.222.13 - - [25/Mar/2019:09:37:02 +0300] "GET /icingaweb2/application-state HTTP/1.1" 200 391 "http://192.168.222.190/icingaweb2/about" "Mozilla/5.0 (Windows NT 10.0; Win64; x64) AppleWebKit/537.36 (KHTML, like Gecko) Chrome/72.0.3626.121 Safari/537.36"
127.0.0.1 - - [25/Mar/2019:09:37:03 +0300] "GET / HTTP/1.0" 200 10975 "-" "check_http/v2.2 (monitoring-plugins 2.2)"
192.168.222.111 - - [25/Mar/2019:09:37:04 +0300] "GET /icingaweb2/application-state HTTP/1.1" 200 391 "http://192.168.222.190/icingaweb2/dashboard" "Mozilla/5.0 (X11; Ubuntu; Linux x86_64; rv:51.0) Gecko/20100101 Firefox/51.0"
192.168.222.13 - - [25/Mar/2019:09:37:07 +0300] "GET /icingaweb2/application-state HTTP/1.1" 200 390 "http://192.168.222.190/icingaweb2/monitoring/list/hosts" "Mozilla/5.0 (Windows NT 10.0; Win64; x64) AppleWebKit/537.36 (KHTML, like Gecko) Chrome/72.0.3626.121 Safari/537.36"
192.168.222.13 - admin [25/Mar/2019:09:37:58 +0300] "GET /icingaweb2/monitoring/list/hosts?host_state%3E0&host_state%3C=2&host_state_type=1&addColumns=host_last_check&format=json HTTP/1.1" 200 891 "http://192.168.222.190/icingaweb2/icingaweb2/monitoring" "Nagstamon/3.2.1/Windows"
192.168.222.13 - admin [25/Mar/2019:09:37:58 +0300] "GET /icingaweb2/monitoring/list/hosts?host_state%3E0&host_state%3C=2&host_state_type=0&addColumns=host_last_check&format=json HTTP/1.1" 200 381 "http://192.168.222.190/icingaweb2/icingaweb2/monitoring" "Nagstamon/3.2.1/Windows"
192.168.222.13 - admin [25/Mar/2019:09:37:58 +0300] "GET /icingaweb2/monitoring/list/services?service_state%3E0&service_state%3C=3&service_state_type=1&addColumns=service_last_check&format=json HTTP/1.1" 200 384 "http://192.168.222.190/icingaweb2/icingaweb2/monitoring" "Nagstamon/3.2.1/Windows"
192.168.222.13 - admin [25/Mar/2019:09:37:58 +0300] "GET /icingaweb2/monitoring/list/services?service_state%3E0&service_state%3C=3&service_state_type=0&addColumns=service_last_check&format=json HTTP/1.1" 200 384 "http://192.168.222.190/icingaweb2/icingaweb2/monitoring" "Nagstamon/3.2.1/Windows"
127.0.0.1 - - [25/Mar/2019:09:38:03 +0300] "GET / HTTP/1.0" 200 10975 "-" "check_http/v2.2 (monitoring-plugins 2.2)"
192.168.222.13 - - [25/Mar/2019:09:38:03 +0300] "GET /icingaweb2/application-state HTTP/1.1" 200 391 "http://192.168.222.190/icingaweb2/about" "Mozilla/5.0 (Windows NT 10.0; Win64; x64) AppleWebKit/537.36 (KHTML, like Gecko) Chrome/72.0.3626.121 Safari/537.36"
192.168.222.111 - - [25/Mar/2019:09:38:04 +0300] "GET /icingaweb2/application-state HTTP/1.1" 200 391 "http://192.168.222.190/icingaweb2/dashboard" "Mozilla/5.0 (X11; Ubuntu; Linux x86_64; rv:51.0) Gecko/20100101 Firefox/51.0"
192.168.222.13 - - [25/Mar/2019:09:38:08 +0300] "GET /icingaweb2/application-state HTTP/1.1" 200 390 "http://192.168.222.190/icingaweb2/monitoring/list/hosts" "Mozilla/5.0 (Windows NT 10.0; Win64; x64) AppleWebKit/537.36 (KHTML, like Gecko) Chrome/72.0.3626.121 Safari/537.36"
192.168.222.13 - - [25/Mar/2019:09:38:10 +0300] "GET /icingaweb2/application-state/summary HTTP/1.1" 200 426 "http://192.168.222.190/icingaweb2/about" "Mozilla/5.0 (Windows NT 10.0; Win64; x64) AppleWebKit/537.36 (KHTML, like Gecko) Chrome/72.0.3626.121 Safari/537.36"
192.168.222.13 - - [25/Mar/2019:09:38:10 +0300] "GET /icingaweb2/layout/menu?url=%2Ficingaweb2%2Fnavigation%2Fdashboard%3Fname%3Dsystem HTTP/1.1" 200 1722 "http://192.168.222.190/icingaweb2/about" "Mozilla/5.0 (Windows NT 10.0; Win64; x64) AppleWebKit/537.36 (KHTML, like Gecko) Chrome/72.0.3626.121 Safari/537.36"
192.168.222.13 - - [25/Mar/2019:09:38:13 +0300] "GET /icingaweb2/navigation/dashboard?name=configuration HTTP/1.1" 200 961 "http://192.168.222.190/icingaweb2/about" "Mozilla/5.0 (Windows NT 10.0; Win64; x64) AppleWebKit/537.36 (KHTML, like Gecko) Chrome/72.0.3626.121 Safari/537.36"
192.168.222.13 - - [25/Mar/2019:09:38:15 +0300] "GET /icingaweb2/config/modules HTTP/1.1" 200 1116 "http://192.168.222.190/icingaweb2/navigation/dashboard?name=configuration" "Mozilla/5.0 (Windows NT 10.0; Win64; x64) AppleWebKit/537.36 (KHTML, like Gecko) Chrome/72.0.3626.121 Safari/537.36"
192.168.222.13 - - [25/Mar/2019:09:38:17 +0300] "GET /icingaweb2/config/module?name=grafana HTTP/1.1" 200 1693 "http://192.168.222.190/icingaweb2/config/modules" "Mozilla/5.0 (Windows NT 10.0; Win64; x64) AppleWebKit/537.36 (KHTML, like Gecko) Chrome/72.0.3626.121 Safari/537.36"
192.168.222.13 - - [25/Mar/2019:09:38:19 +0300] "GET /icingaweb2/grafana/config HTTP/1.1" 200 2912 "http://192.168.222.190/icingaweb2/config/modules" "Mozilla/5.0 (Windows NT 10.0; Win64; x64) AppleWebKit/537.36 (KHTML, like Gecko) Chrome/72.0.3626.121 Safari/537.36"
192.168.222.13 - - [25/Mar/2019:09:38:25 +0300] "GET /icingaweb2/layout/menu?url=%2Ficingaweb2%2Fconfig%2Fmodules HTTP/1.1" 200 1723 "http://192.168.222.190/icingaweb2/config/modules" "Mozilla/5.0 (Windows NT 10.0; Win64; x64) AppleWebKit/537.36 (KHTML, like Gecko) Chrome/72.0.3626.121 Safari/537.36"
192.168.222.13 - - [25/Mar/2019:09:38:41 +0300] "GET /icingaweb2/layout/menu?url=%2Ficingaweb2%2Fconfig%2Fmodules HTTP/1.1" 200 1723 "http://192.168.222.190/icingaweb2/config/modules" "Mozilla/5.0 (Windows NT 10.0; Win64; x64) AppleWebKit/537.36 (KHTML, like Gecko) Chrome/72.0.3626.121 Safari/537.36"
192.168.222.13 - - [25/Mar/2019:09:38:56 +0300] "GET /icingaweb2/layout/menu?url=%2Ficingaweb2%2Fconfig%2Fmodules HTTP/1.1" 200 1723 "http://192.168.222.190/icingaweb2/config/modules" "Mozilla/5.0 (Windows NT 10.0; Win64; x64) AppleWebKit/537.36 (KHTML, like Gecko) Chrome/72.0.3626.121 Safari/537.36"
192.168.222.13 - admin [25/Mar/2019:09:38:58 +0300] "GET /icingaweb2/monitoring/list/hosts?host_state%3E0&host_state%3C=2&host_state_type=1&addColumns=host_last_check&format=json HTTP/1.1" 200 891 "http://192.168.222.190/icingaweb2/icingaweb2/monitoring" "Nagstamon/3.2.1/Windows"
192.168.222.13 - admin [25/Mar/2019:09:38:58 +0300] "GET /icingaweb2/monitoring/list/hosts?host_state%3E0&host_state%3C=2&host_state_type=0&addColumns=host_last_check&format=json HTTP/1.1" 200 381 "http://192.168.222.190/icingaweb2/icingaweb2/monitoring" "Nagstamon/3.2.1/Windows"
192.168.222.13 - admin [25/Mar/2019:09:38:58 +0300] "GET /icingaweb2/monitoring/list/services?service_state%3E0&service_state%3C=3&service_state_type=1&addColumns=service_last_check&format=json HTTP/1.1" 200 384 "http://192.168.222.190/icingaweb2/icingaweb2/monitoring" "Nagstamon/3.2.1/Windows"
192.168.222.13 - admin [25/Mar/2019:09:38:58 +0300] "GET /icingaweb2/monitoring/list/services?service_state%3E0&service_state%3C=3&service_state_type=0&addColumns=service_last_check&format=json HTTP/1.1" 200 384 "http://192.168.222.190/icingaweb2/icingaweb2/monitoring" "Nagstamon/3.2.1/Windows"
127.0.0.1 - - [25/Mar/2019:09:39:03 +0300] "GET / HTTP/1.0" 200 10975 "-" "check_http/v2.2 (monitoring-plugins 2.2)"
192.168.222.13 - - [25/Mar/2019:09:39:04 +0300] "GET /icingaweb2/application-state HTTP/1.1" 200 391 "http://192.168.222.190/icingaweb2/config/modules" "Mozilla/5.0 (Windows NT 10.0; Win64; x64) AppleWebKit/537.36 (KHTML, like Gecko) Chrome/72.0.3626.121 Safari/537.36"
192.168.222.111 - - [25/Mar/2019:09:39:04 +0300] "GET /icingaweb2/application-state HTTP/1.1" 200 391 "http://192.168.222.190/icingaweb2/dashboard" "Mozilla/5.0 (X11; Ubuntu; Linux x86_64; rv:51.0) Gecko/20100101 Firefox/51.0"
192.168.222.13 - - [25/Mar/2019:09:39:09 +0300] "GET /icingaweb2/application-state HTTP/1.1" 200 391 "http://192.168.222.190/icingaweb2/monitoring/list/hosts" "Mozilla/5.0 (Windows NT 10.0; Win64; x64) AppleWebKit/537.36 (KHTML, like Gecko) Chrome/72.0.3626.121 Safari/537.36"
192.168.222.13 - - [25/Mar/2019:09:39:10 +0300] "GET /icingaweb2/application-state/summary HTTP/1.1" 200 425 "http://192.168.222.190/icingaweb2/config/modules" "Mozilla/5.0 (Windows NT 10.0; Win64; x64) AppleWebKit/537.36 (KHTML, like Gecko) Chrome/72.0.3626.121 Safari/537.36"
192.168.222.13 - - [25/Mar/2019:09:39:11 +0300] "GET /icingaweb2/layout/menu?url=%2Ficingaweb2%2Fconfig%2Fmodules HTTP/1.1" 200 1722 "http://192.168.222.190/icingaweb2/config/modules" "Mozilla/5.0 (Windows NT 10.0; Win64; x64) AppleWebKit/537.36 (KHTML, like Gecko) Chrome/72.0.3626.121 Safari/537.36"
192.168.222.13 - - [25/Mar/2019:09:39:26 +0300] "GET /icingaweb2/layout/menu?url=%2Ficingaweb2%2Fconfig%2Fmodules HTTP/1.1" 200 1723 "http://192.168.222.190/icingaweb2/config/modules" "Mozilla/5.0 (Windows NT 10.0; Win64; x64) AppleWebKit/537.36 (KHTML, like Gecko) Chrome/72.0.3626.121 Safari/537.36"
192.168.222.13 - - [25/Mar/2019:09:39:42 +0300] "GET /icingaweb2/layout/menu?url=%2Ficingaweb2%2Fconfig%2Fmodules HTTP/1.1" 200 1723 "http://192.168.222.190/icingaweb2/config/modules" "Mozilla/5.0 (Windows NT 10.0; Win64; x64) AppleWebKit/537.36 (KHTML, like Gecko) Chrome/72.0.3626.121 Safari/537.36"
192.168.222.13 - - [25/Mar/2019:09:39:57 +0300] "GET /icingaweb2/layout/menu?url=%2Ficingaweb2%2Fconfig%2Fmodules HTTP/1.1" 200 1723 "http://192.168.222.190/icingaweb2/config/modules" "Mozilla/5.0 (Windows NT 10.0; Win64; x64) AppleWebKit/537.36 (KHTML, like Gecko) Chrome/72.0.3626.121 Safari/537.36"
192.168.222.13 - admin [25/Mar/2019:09:39:58 +0300] "GET /icingaweb2/monitoring/list/hosts?host_state%3E0&host_state%3C=2&host_state_type=1&addColumns=host_last_check&format=json HTTP/1.1" 200 891 "http://192.168.222.190/icingaweb2/icingaweb2/monitoring" "Nagstamon/3.2.1/Windows"
192.168.222.13 - admin [25/Mar/2019:09:39:58 +0300] "GET /icingaweb2/monitoring/list/hosts?host_state%3E0&host_state%3C=2&host_state_type=0&addColumns=host_last_check&format=json HTTP/1.1" 200 381 "http://192.168.222.190/icingaweb2/icingaweb2/monitoring" "Nagstamon/3.2.1/Windows"
192.168.222.13 - admin [25/Mar/2019:09:39:58 +0300] "GET /icingaweb2/monitoring/list/services?service_state%3E0&service_state%3C=3&service_state_type=1&addColumns=service_last_check&format=json HTTP/1.1" 200 384 "http://192.168.222.190/icingaweb2/icingaweb2/monitoring" "Nagstamon/3.2.1/Windows"
192.168.222.13 - admin [25/Mar/2019:09:39:58 +0300] "GET /icingaweb2/monitoring/list/services?service_state%3E0&service_state%3C=3&service_state_type=0&addColumns=service_last_check&format=json HTTP/1.1" 200 384 "http://192.168.222.190/icingaweb2/icingaweb2/monitoring" "Nagstamon/3.2.1/Windows"
127.0.0.1 - - [25/Mar/2019:09:40:03 +0300] "GET / HTTP/1.0" 200 10975 "-" "check_http/v2.2 (monitoring-plugins 2.2)"
192.168.222.13 - - [25/Mar/2019:09:40:04 +0300] "GET /icingaweb2/application-state HTTP/1.1" 200 391 "http://192.168.222.190/icingaweb2/config/modules" "Mozilla/5.0 (Windows NT 10.0; Win64; x64) AppleWebKit/537.36 (KHTML, like Gecko) Chrome/72.0.3626.121 Safari/537.36"
192.168.222.111 - - [25/Mar/2019:09:40:05 +0300] "GET /icingaweb2/application-state HTTP/1.1" 200 391 "http://192.168.222.190/icingaweb2/dashboard" "Mozilla/5.0 (X11; Ubuntu; Linux x86_64; rv:51.0) Gecko/20100101 Firefox/51.0"
192.168.222.13 - - [25/Mar/2019:09:40:10 +0300] "GET /icingaweb2/application-state HTTP/1.1" 200 391 "http://192.168.222.190/icingaweb2/monitoring/list/hosts" "Mozilla/5.0 (Windows NT 10.0; Win64; x64) AppleWebKit/537.36 (KHTML, like Gecko) Chrome/72.0.3626.121 Safari/537.36"
192.168.222.13 - - [25/Mar/2019:09:40:10 +0300] "GET /icingaweb2/application-state/summary HTTP/1.1" 200 425 "http://192.168.222.190/icingaweb2/config/modules" "Mozilla/5.0 (Windows NT 10.0; Win64; x64) AppleWebKit/537.36 (KHTML, like Gecko) Chrome/72.0.3626.121 Safari/537.36"
192.168.222.13 - - [25/Mar/2019:09:40:13 +0300] "GET /icingaweb2/layout/menu?url=%2Ficingaweb2%2Fconfig%2Fmodules HTTP/1.1" 200 1722 "http://192.168.222.190/icingaweb2/config/modules" "Mozilla/5.0 (Windows NT 10.0; Win64; x64) AppleWebKit/537.36 (KHTML, like Gecko) Chrome/72.0.3626.121 Safari/537.36"
192.168.222.13 - - [25/Mar/2019:09:40:28 +0300] "GET /icingaweb2/layout/menu?url=%2Ficingaweb2%2Fconfig%2Fmodules HTTP/1.1" 200 1723 "http://192.168.222.190/icingaweb2/config/modules" "Mozilla/5.0 (Windows NT 10.0; Win64; x64) AppleWebKit/537.36 (KHTML, like Gecko) Chrome/72.0.3626.121 Safari/537.36"
192.168.222.13 - - [25/Mar/2019:09:40:44 +0300] "GET /icingaweb2/layout/menu?url=%2Ficingaweb2%2Fconfig%2Fmodules HTTP/1.1" 200 1723 "http://192.168.222.190/icingaweb2/config/modules" "Mozilla/5.0 (Windows NT 10.0; Win64; x64) AppleWebKit/537.36 (KHTML, like Gecko) Chrome/72.0.3626.121 Safari/537.36"
192.168.222.13 - admin [25/Mar/2019:09:40:58 +0300] "GET /icingaweb2/monitoring/list/hosts?host_state%3E0&host_state%3C=2&host_state_type=1&addColumns=host_last_check&format=json HTTP/1.1" 200 891 "http://192.168.222.190/icingaweb2/icingaweb2/monitoring" "Nagstamon/3.2.1/Windows"
192.168.222.13 - admin [25/Mar/2019:09:40:58 +0300] "GET /icingaweb2/monitoring/list/hosts?host_state%3E0&host_state%3C=2&host_state_type=0&addColumns=host_last_check&format=json HTTP/1.1" 200 381 "http://192.168.222.190/icingaweb2/icingaweb2/monitoring" "Nagstamon/3.2.1/Windows"
192.168.222.13 - admin [25/Mar/2019:09:40:58 +0300] "GET /icingaweb2/monitoring/list/services?service_state%3E0&service_state%3C=3&service_state_type=1&addColumns=service_last_check&format=json HTTP/1.1" 200 384 "http://192.168.222.190/icingaweb2/icingaweb2/monitoring" "Nagstamon/3.2.1/Windows"
192.168.222.13 - admin [25/Mar/2019:09:40:59 +0300] "GET /icingaweb2/monitoring/list/services?service_state%3E0&service_state%3C=3&service_state_type=0&addColumns=service_last_check&format=json HTTP/1.1" 200 384 "http://192.168.222.190/icingaweb2/icingaweb2/monitoring" "Nagstamon/3.2.1/Windows"
192.168.222.13 - - [25/Mar/2019:09:40:59 +0300] "GET /icingaweb2/layout/menu?url=%2Ficingaweb2%2Fconfig%2Fmodules HTTP/1.1" 200 1723 "http://192.168.222.190/icingaweb2/config/modules" "Mozilla/5.0 (Windows NT 10.0; Win64; x64) AppleWebKit/537.36 (KHTML, like Gecko) Chrome/72.0.3626.121 Safari/537.36"
127.0.0.1 - - [25/Mar/2019:09:41:03 +0300] "GET / HTTP/1.0" 200 10975 "-" "check_http/v2.2 (monitoring-plugins 2.2)"
192.168.222.13 - - [25/Mar/2019:09:41:04 +0300] "GET /icingaweb2/application-state HTTP/1.1" 200 390 "http://192.168.222.190/icingaweb2/config/modules" "Mozilla/5.0 (Windows NT 10.0; Win64; x64) AppleWebKit/537.36 (KHTML, like Gecko) Chrome/72.0.3626.121 Safari/537.36"
192.168.222.111 - - [25/Mar/2019:09:41:05 +0300] "GET /icingaweb2/application-state HTTP/1.1" 200 391 "http://192.168.222.190/icingaweb2/dashboard" "Mozilla/5.0 (X11; Ubuntu; Linux x86_64; rv:51.0) Gecko/20100101 Firefox/51.0"
192.168.222.13 - - [25/Mar/2019:09:41:10 +0300] "GET /icingaweb2/application-state/summary HTTP/1.1" 200 426 "http://192.168.222.190/icingaweb2/config/modules" "Mozilla/5.0 (Windows NT 10.0; Win64; x64) AppleWebKit/537.36 (KHTML, like Gecko) Chrome/72.0.3626.121 Safari/537.36"
192.168.222.13 - - [25/Mar/2019:09:41:11 +0300] "GET /icingaweb2/application-state HTTP/1.1" 200 390 "http://192.168.222.190/icingaweb2/monitoring/list/hosts" "Mozilla/5.0 (Windows NT 10.0; Win64; x64) AppleWebKit/537.36 (KHTML, like Gecko) Chrome/72.0.3626.121 Safari/537.36"
192.168.222.13 - - [25/Mar/2019:09:41:15 +0300] "GET /icingaweb2/layout/menu?url=%2Ficingaweb2%2Fconfig%2Fmodules HTTP/1.1" 200 1722 "http://192.168.222.190/icingaweb2/config/modules" "Mozilla/5.0 (Windows NT 10.0; Win64; x64) AppleWebKit/537.36 (KHTML, like Gecko) Chrome/72.0.3626.121 Safari/537.36"
192.168.222.13 - - [25/Mar/2019:09:41:30 +0300] "GET /icingaweb2/layout/menu?url=%2Ficingaweb2%2Fconfig%2Fmodules HTTP/1.1" 200 1723 "http://192.168.222.190/icingaweb2/config/modules" "Mozilla/5.0 (Windows NT 10.0; Win64; x64) AppleWebKit/537.36 (KHTML, like Gecko) Chrome/72.0.3626.121 Safari/537.36"
192.168.222.13 - - [25/Mar/2019:09:41:46 +0300] "GET /icingaweb2/layout/menu?url=%2Ficingaweb2%2Fconfig%2Fmodules HTTP/1.1" 200 1723 "http://192.168.222.190/icingaweb2/config/modules" "Mozilla/5.0 (Windows NT 10.0; Win64; x64) AppleWebKit/537.36 (KHTML, like Gecko) Chrome/72.0.3626.121 Safari/537.36"
192.168.222.13 - admin [25/Mar/2019:09:41:59 +0300] "GET /icingaweb2/monitoring/list/hosts?host_state%3E0&host_state%3C=2&host_state_type=1&addColumns=host_last_check&format=json HTTP/1.1" 200 891 "http://192.168.222.190/icingaweb2/icingaweb2/monitoring" "Nagstamon/3.2.1/Windows"
192.168.222.13 - admin [25/Mar/2019:09:41:59 +0300] "GET /icingaweb2/monitoring/list/hosts?host_state%3E0&host_state%3C=2&host_state_type=0&addColumns=host_last_check&format=json HTTP/1.1" 200 381 "http://192.168.222.190/icingaweb2/icingaweb2/monitoring" "Nagstamon/3.2.1/Windows"
192.168.222.13 - admin [25/Mar/2019:09:41:59 +0300] "GET /icingaweb2/monitoring/list/services?service_state%3E0&service_state%3C=3&service_state_type=1&addColumns=service_last_check&format=json HTTP/1.1" 200 384 "http://192.168.222.190/icingaweb2/icingaweb2/monitoring" "Nagstamon/3.2.1/Windows"
192.168.222.13 - admin [25/Mar/2019:09:41:59 +0300] "GET /icingaweb2/monitoring/list/services?service_state%3E0&service_state%3C=3&service_state_type=0&addColumns=service_last_check&format=json HTTP/1.1" 200 384 "http://192.168.222.190/icingaweb2/icingaweb2/monitoring" "Nagstamon/3.2.1/Windows"
192.168.222.13 - - [25/Mar/2019:09:42:01 +0300] "GET /icingaweb2/layout/menu?url=%2Ficingaweb2%2Fconfig%2Fmodules HTTP/1.1" 200 1723 "http://192.168.222.190/icingaweb2/config/modules" "Mozilla/5.0 (Windows NT 10.0; Win64; x64) AppleWebKit/537.36 (KHTML, like Gecko) Chrome/72.0.3626.121 Safari/537.36"
127.0.0.1 - - [25/Mar/2019:09:42:03 +0300] "GET / HTTP/1.0" 200 10975 "-" "check_http/v2.2 (monitoring-plugins 2.2)"
192.168.222.13 - - [25/Mar/2019:09:42:04 +0300] "GET /icingaweb2/application-state HTTP/1.1" 200 390 "http://192.168.222.190/icingaweb2/config/modules" "Mozilla/5.0 (Windows NT 10.0; Win64; x64) AppleWebKit/537.36 (KHTML, like Gecko) Chrome/72.0.3626.121 Safari/537.36"
192.168.222.111 - - [25/Mar/2019:09:42:06 +0300] "GET /icingaweb2/application-state HTTP/1.1" 200 463 "http://192.168.222.190/icingaweb2/dashboard" "Mozilla/5.0 (X11; Ubuntu; Linux x86_64; rv:51.0) Gecko/20100101 Firefox/51.0"
192.168.222.13 - - [25/Mar/2019:09:42:11 +0300] "GET /icingaweb2/application-state/summary HTTP/1.1" 200 426 "http://192.168.222.190/icingaweb2/config/modules" "Mozilla/5.0 (Windows NT 10.0; Win64; x64) AppleWebKit/537.36 (KHTML, like Gecko) Chrome/72.0.3626.121 Safari/537.36"
192.168.222.13 - - [25/Mar/2019:09:42:12 +0300] "GET /icingaweb2/application-state HTTP/1.1" 200 390 "http://192.168.222.190/icingaweb2/monitoring/list/hosts" "Mozilla/5.0 (Windows NT 10.0; Win64; x64) AppleWebKit/537.36 (KHTML, like Gecko) Chrome/72.0.3626.121 Safari/537.36"
192.168.222.13 - - [25/Mar/2019:09:42:16 +0300] "GET /icingaweb2/layout/menu?url=%2Ficingaweb2%2Fconfig%2Fmodules HTTP/1.1" 200 1722 "http://192.168.222.190/icingaweb2/config/modules" "Mozilla/5.0 (Windows NT 10.0; Win64; x64) AppleWebKit/537.36 (KHTML, like Gecko) Chrome/72.0.3626.121 Safari/537.36"
192.168.222.13 - - [25/Mar/2019:09:42:32 +0300] "GET /icingaweb2/layout/menu?url=%2Ficingaweb2%2Fconfig%2Fmodules HTTP/1.1" 200 1723 "http://192.168.222.190/icingaweb2/config/modules" "Mozilla/5.0 (Windows NT 10.0; Win64; x64) AppleWebKit/537.36 (KHTML, like Gecko) Chrome/72.0.3626.121 Safari/537.36"
192.168.222.13 - - [25/Mar/2019:09:42:47 +0300] "GET /icingaweb2/layout/menu?url=%2Ficingaweb2%2Fconfig%2Fmodules HTTP/1.1" 200 1723 "http://192.168.222.190/icingaweb2/config/modules" "Mozilla/5.0 (Windows NT 10.0; Win64; x64) AppleWebKit/537.36 (KHTML, like Gecko) Chrome/72.0.3626.121 Safari/537.36"
192.168.222.13 - admin [25/Mar/2019:09:42:59 +0300] "GET /icingaweb2/monitoring/list/hosts?host_state%3E0&host_state%3C=2&host_state_type=1&addColumns=host_last_check&format=json HTTP/1.1" 200 891 "http://192.168.222.190/icingaweb2/icingaweb2/monitoring" "Nagstamon/3.2.1/Windows"
192.168.222.13 - admin [25/Mar/2019:09:42:59 +0300] "GET /icingaweb2/monitoring/list/hosts?host_state%3E0&host_state%3C=2&host_state_type=0&addColumns=host_last_check&format=json HTTP/1.1" 200 381 "http://192.168.222.190/icingaweb2/icingaweb2/monitoring" "Nagstamon/3.2.1/Windows"
192.168.222.13 - admin [25/Mar/2019:09:42:59 +0300] "GET /icingaweb2/monitoring/list/services?service_state%3E0&service_state%3C=3&service_state_type=1&addColumns=service_last_check&format=json HTTP/1.1" 200 384 "http://192.168.222.190/icingaweb2/icingaweb2/monitoring" "Nagstamon/3.2.1/Windows"
192.168.222.13 - admin [25/Mar/2019:09:42:59 +0300] "GET /icingaweb2/monitoring/list/services?service_state%3E0&service_state%3C=3&service_state_type=0&addColumns=service_last_check&format=json HTTP/1.1" 200 384 "http://192.168.222.190/icingaweb2/icingaweb2/monitoring" "Nagstamon/3.2.1/Windows"
192.168.222.13 - - [25/Mar/2019:09:43:02 +0300] "GET /icingaweb2/layout/menu?url=%2Ficingaweb2%2Fconfig%2Fmodules HTTP/1.1" 200 1723 "http://192.168.222.190/icingaweb2/config/modules" "Mozilla/5.0 (Windows NT 10.0; Win64; x64) AppleWebKit/537.36 (KHTML, like Gecko) Chrome/72.0.3626.121 Safari/537.36"
127.0.0.1 - - [25/Mar/2019:09:43:03 +0300] "GET / HTTP/1.0" 200 10975 "-" "check_http/v2.2 (monitoring-plugins 2.2)"
192.168.222.13 - - [25/Mar/2019:09:43:04 +0300] "GET /icingaweb2/application-state HTTP/1.1" 200 462 "http://192.168.222.190/icingaweb2/config/modules" "Mozilla/5.0 (Windows NT 10.0; Win64; x64) AppleWebKit/537.36 (KHTML, like Gecko) Chrome/72.0.3626.121 Safari/537.36"
192.168.222.111 - - [25/Mar/2019:09:43:06 +0300] "GET /icingaweb2/application-state HTTP/1.1" 200 391 "http://192.168.222.190/icingaweb2/dashboard" "Mozilla/5.0 (X11; Ubuntu; Linux x86_64; rv:51.0) Gecko/20100101 Firefox/51.0"
192.168.222.13 - - [25/Mar/2019:09:43:11 +0300] "GET /icingaweb2/application-state/summary HTTP/1.1" 200 426 "http://192.168.222.190/icingaweb2/config/modules" "Mozilla/5.0 (Windows NT 10.0; Win64; x64) AppleWebKit/537.36 (KHTML, like Gecko) Chrome/72.0.3626.121 Safari/537.36"
192.168.222.13 - - [25/Mar/2019:09:43:13 +0300] "GET /icingaweb2/application-state HTTP/1.1" 200 390 "http://192.168.222.190/icingaweb2/monitoring/list/hosts" "Mozilla/5.0 (Windows NT 10.0; Win64; x64) AppleWebKit/537.36 (KHTML, like Gecko) Chrome/72.0.3626.121 Safari/537.36"
192.168.222.13 - - [25/Mar/2019:09:43:18 +0300] "GET /icingaweb2/layout/menu?url=%2Ficingaweb2%2Fconfig%2Fmodules HTTP/1.1" 200 1722 "http://192.168.222.190/icingaweb2/config/modules" "Mozilla/5.0 (Windows NT 10.0; Win64; x64) AppleWebKit/537.36 (KHTML, like Gecko) Chrome/72.0.3626.121 Safari/537.36"
192.168.222.13 - - [25/Mar/2019:09:43:33 +0300] "GET /icingaweb2/layout/menu?url=%2Ficingaweb2%2Fconfig%2Fmodules HTTP/1.1" 200 1723 "http://192.168.222.190/icingaweb2/config/modules" "Mozilla/5.0 (Windows NT 10.0; Win64; x64) AppleWebKit/537.36 (KHTML, like Gecko) Chrome/72.0.3626.121 Safari/537.36"
192.168.222.13 - - [25/Mar/2019:09:43:49 +0300] "GET /icingaweb2/layout/menu?url=%2Ficingaweb2%2Fconfig%2Fmodules HTTP/1.1" 200 1723 "http://192.168.222.190/icingaweb2/config/modules" "Mozilla/5.0 (Windows NT 10.0; Win64; x64) AppleWebKit/537.36 (KHTML, like Gecko) Chrome/72.0.3626.121 Safari/537.36"
192.168.222.13 - admin [25/Mar/2019:09:43:59 +0300] "GET /icingaweb2/monitoring/list/hosts?host_state%3E0&host_state%3C=2&host_state_type=1&addColumns=host_last_check&format=json HTTP/1.1" 200 891 "http://192.168.222.190/icingaweb2/icingaweb2/monitoring" "Nagstamon/3.2.1/Windows"
192.168.222.13 - admin [25/Mar/2019:09:43:59 +0300] "GET /icingaweb2/monitoring/list/hosts?host_state%3E0&host_state%3C=2&host_state_type=0&addColumns=host_last_check&format=json HTTP/1.1" 200 381 "http://192.168.222.190/icingaweb2/icingaweb2/monitoring" "Nagstamon/3.2.1/Windows"
192.168.222.13 - admin [25/Mar/2019:09:43:59 +0300] "GET /icingaweb2/monitoring/list/services?service_state%3E0&service_state%3C=3&service_state_type=1&addColumns=service_last_check&format=json HTTP/1.1" 200 384 "http://192.168.222.190/icingaweb2/icingaweb2/monitoring" "Nagstamon/3.2.1/Windows"
192.168.222.13 - admin [25/Mar/2019:09:43:59 +0300] "GET /icingaweb2/monitoring/list/services?service_state%3E0&service_state%3C=3&service_state_type=0&addColumns=service_last_check&format=json HTTP/1.1" 200 384 "http://192.168.222.190/icingaweb2/icingaweb2/monitoring" "Nagstamon/3.2.1/Windows"
127.0.0.1 - - [25/Mar/2019:09:44:03 +0300] "GET / HTTP/1.0" 200 10975 "-" "check_http/v2.2 (monitoring-plugins 2.2)"
192.168.222.13 - - [25/Mar/2019:09:44:04 +0300] "GET /icingaweb2/application-state HTTP/1.1" 200 391 "http://192.168.222.190/icingaweb2/config/modules" "Mozilla/5.0 (Windows NT 10.0; Win64; x64) AppleWebKit/537.36 (KHTML, like Gecko) Chrome/72.0.3626.121 Safari/537.36"
192.168.222.13 - - [25/Mar/2019:09:44:04 +0300] "GET /icingaweb2/layout/menu?url=%2Ficingaweb2%2Fconfig%2Fmodules HTTP/1.1" 200 1723 "http://192.168.222.190/icingaweb2/config/modules" "Mozilla/5.0 (Windows NT 10.0; Win64; x64) AppleWebKit/537.36 (KHTML, like Gecko) Chrome/72.0.3626.121 Safari/537.36"
192.168.222.111 - - [25/Mar/2019:09:44:06 +0300] "GET /icingaweb2/application-state HTTP/1.1" 200 391 "http://192.168.222.190/icingaweb2/dashboard" "Mozilla/5.0 (X11; Ubuntu; Linux x86_64; rv:51.0) Gecko/20100101 Firefox/51.0"
192.168.222.13 - - [25/Mar/2019:09:44:11 +0300] "GET /icingaweb2/application-state/summary HTTP/1.1" 200 426 "http://192.168.222.190/icingaweb2/config/modules" "Mozilla/5.0 (Windows NT 10.0; Win64; x64) AppleWebKit/537.36 (KHTML, like Gecko) Chrome/72.0.3626.121 Safari/537.36"
192.168.222.13 - - [25/Mar/2019:09:44:14 +0300] "GET /icingaweb2/application-state HTTP/1.1" 200 390 "http://192.168.222.190/icingaweb2/monitoring/list/hosts" "Mozilla/5.0 (Windows NT 10.0; Win64; x64) AppleWebKit/537.36 (KHTML, like Gecko) Chrome/72.0.3626.121 Safari/537.36"
192.168.222.13 - - [25/Mar/2019:09:44:20 +0300] "GET /icingaweb2/layout/menu?url=%2Ficingaweb2%2Fconfig%2Fmodules HTTP/1.1" 200 1723 "http://192.168.222.190/icingaweb2/config/modules" "Mozilla/5.0 (Windows NT 10.0; Win64; x64) AppleWebKit/537.36 (KHTML, like Gecko) Chrome/72.0.3626.121 Safari/537.36"
192.168.222.13 - - [25/Mar/2019:09:44:35 +0300] "GET /icingaweb2/layout/menu?url=%2Ficingaweb2%2Fconfig%2Fmodules HTTP/1.1" 200 1723 "http://192.168.222.190/icingaweb2/config/modules" "Mozilla/5.0 (Windows NT 10.0; Win64; x64) AppleWebKit/537.36 (KHTML, like Gecko) Chrome/72.0.3626.121 Safari/537.36"
192.168.222.13 - - [25/Mar/2019:09:44:35 +0300] "GET /icingaweb2/config/module?name=director HTTP/1.1" 200 1758 "http://192.168.222.190/icingaweb2/config/modules" "Mozilla/5.0 (Windows NT 10.0; Win64; x64) AppleWebKit/537.36 (KHTML, like Gecko) Chrome/72.0.3626.121 Safari/537.36"
192.168.222.13 - - [25/Mar/2019:09:44:37 +0300] "GET /icingaweb2/director/settings HTTP/1.1" 200 1291 "http://192.168.222.190/icingaweb2/config/modules" "Mozilla/5.0 (Windows NT 10.0; Win64; x64) AppleWebKit/537.36 (KHTML, like Gecko) Chrome/72.0.3626.121 Safari/537.36"
192.168.222.13 - - [25/Mar/2019:09:44:40 +0300] "GET /icingaweb2/config/module?name=doc HTTP/1.1" 200 1216 "http://192.168.222.190/icingaweb2/config/modules" "Mozilla/5.0 (Windows NT 10.0; Win64; x64) AppleWebKit/537.36 (KHTML, like Gecko) Chrome/72.0.3626.121 Safari/537.36"
192.168.222.13 - - [25/Mar/2019:09:44:42 +0300] "GET /icingaweb2/config/module?name=migrate HTTP/1.1" 200 1268 "http://192.168.222.190/icingaweb2/config/modules" "Mozilla/5.0 (Windows NT 10.0; Win64; x64) AppleWebKit/537.36 (KHTML, like Gecko) Chrome/72.0.3626.121 Safari/537.36"
192.168.222.13 - - [25/Mar/2019:09:44:43 +0300] "GET /icingaweb2/config/module?name=monitoring HTTP/1.1" 200 1818 "http://192.168.222.190/icingaweb2/config/modules" "Mozilla/5.0 (Windows NT 10.0; Win64; x64) AppleWebKit/537.36 (KHTML, like Gecko) Chrome/72.0.3626.121 Safari/537.36"
192.168.222.13 - - [25/Mar/2019:09:44:51 +0300] "GET /icingaweb2/layout/menu?url=%2Ficingaweb2%2Fconfig%2Fmodules HTTP/1.1" 200 1723 "http://192.168.222.190/icingaweb2/config/modules" "Mozilla/5.0 (Windows NT 10.0; Win64; x64) AppleWebKit/537.36 (KHTML, like Gecko) Chrome/72.0.3626.121 Safari/537.36"
192.168.222.13 - - [25/Mar/2019:09:44:52 +0300] "GET /icingaweb2/monitoring/config HTTP/1.1" 200 1463 "http://192.168.222.190/icingaweb2/config/modules" "Mozilla/5.0 (Windows NT 10.0; Win64; x64) AppleWebKit/537.36 (KHTML, like Gecko) Chrome/72.0.3626.121 Safari/537.36"
192.168.222.13 - admin [25/Mar/2019:09:44:59 +0300] "GET /icingaweb2/monitoring/list/hosts?host_state%3E0&host_state%3C=2&host_state_type=1&addColumns=host_last_check&format=json HTTP/1.1" 200 891 "http://192.168.222.190/icingaweb2/icingaweb2/monitoring" "Nagstamon/3.2.1/Windows"
192.168.222.13 - admin [25/Mar/2019:09:44:59 +0300] "GET /icingaweb2/monitoring/list/hosts?host_state%3E0&host_state%3C=2&host_state_type=0&addColumns=host_last_check&format=json HTTP/1.1" 200 381 "http://192.168.222.190/icingaweb2/icingaweb2/monitoring" "Nagstamon/3.2.1/Windows"
192.168.222.13 - admin [25/Mar/2019:09:44:59 +0300] "GET /icingaweb2/monitoring/list/services?service_state%3E0&service_state%3C=3&service_state_type=1&addColumns=service_last_check&format=json HTTP/1.1" 200 384 "http://192.168.222.190/icingaweb2/icingaweb2/monitoring" "Nagstamon/3.2.1/Windows"
192.168.222.13 - admin [25/Mar/2019:09:44:59 +0300] "GET /icingaweb2/monitoring/list/services?service_state%3E0&service_state%3C=3&service_state_type=0&addColumns=service_last_check&format=json HTTP/1.1" 200 384 "http://192.168.222.190/icingaweb2/icingaweb2/monitoring" "Nagstamon/3.2.1/Windows"
127.0.0.1 - - [25/Mar/2019:09:45:03 +0300] "GET / HTTP/1.0" 200 10975 "-" "check_http/v2.2 (monitoring-plugins 2.2)"
192.168.222.13 - - [25/Mar/2019:09:45:04 +0300] "GET /icingaweb2/monitoring/config/editbackend?backend-name=icinga HTTP/1.1" 200 1820 "http://192.168.222.190/icingaweb2/config/modules" "Mozilla/5.0 (Windows NT 10.0; Win64; x64) AppleWebKit/537.36 (KHTML, like Gecko) Chrome/72.0.3626.121 Safari/537.36"
